{"id":250,"date":"2021-01-15T10:38:59","date_gmt":"2021-01-15T10:38:59","guid":{"rendered":"http:\/\/89.166.51.80\/~leppaveden\/hoho\/?page_id=250"},"modified":"2025-08-09T13:08:55","modified_gmt":"2025-08-09T13:08:55","slug":"sorsastus","status":"publish","type":"page","link":"https:\/\/leppavedenhankasalmenkalatalousalue.fi\/hoho\/luvat\/sorsastus\/","title":{"rendered":"Sorsastus"},"content":{"rendered":"\n<h2 class=\"wp-block-heading\">Sorsastus<\/h2>\n\n\n\n<p><strong>Hohon \u2013ja Montolan kk, Kankaisten kruununmaan osakaskunta ja Markkulan osakaskunta<\/strong><\/p>\n\n\n\n<p><strong>SORSASTUS SYKSY 202<\/strong>5<\/p>\n\n\n\n<p><strong>1. Lievestuoreenj\u00e4rvi Yhteislupa<\/strong><\/p>\n\n\n\n<p>Osakas ei tarvitse lupaa omalla osakaskuntansa alueella &#8211; <strong>ei maksua!<\/strong><\/p>\n\n\n\n<p>Ulkopuolisille myyd\u00e4\u00e4n\u00a0<strong>yhteislupaa<\/strong> Montolan ja Markkulan kanssa sel\u00e4n puolelle. Luvan hinta 35\u20ac\/syksy (oikeuttaa mets\u00e4st\u00e4m\u00e4\u00e4n kaikkina mets\u00e4stysp\u00e4ivin\u00e4). Lapinluodon &#8211; Koulusaarten alue Lievestuoreenj\u00e4rvell\u00e4 mets\u00e4stys on kielletty &#8211; alue rauhoitettu.\u00a0<strong>Yhteislupa ei koske Kallaanlahden aluetta.<\/strong><\/p>\n\n\n\n<p><strong>HUOM!&nbsp;<\/strong>Kaikki mets\u00e4stys on kielletty Hyypp\u00e4\u00e4nniemen ja Artturinniemen alueilla sek\u00e4 Saarilammissa.<strong>&nbsp;Kallaanlahdessa&nbsp;<\/strong>mets\u00e4stys on sallittu&nbsp;<strong>vain Montolan kk:n osakkaille&nbsp;<\/strong>omalla vesialueella syyskuun loppuun saakka.<strong>&nbsp;Sorsastuslupa maksaa 20 euroa. Mets\u00e4stysoikeutta ei voi siirt\u00e4\u00e4 osakaskuntaan kuulumattomille.<\/strong><\/p>\n\n\n\n<p><strong>2. Hohon joki ja Hohon lampi<\/strong><\/p>\n\n\n\n<p>Mets\u00e4stys sallittu vain kk:n osakkaille omalla alueillaan&nbsp;<strong>\u2013 ei maksua!<\/strong><\/p>\n\n\n\n<p><strong>3. LAPINJ\u00c4RVEN Yhteislupa (=koko mets\u00e4styskausi viikonloppuisin)<\/strong><\/p>\n\n\n\n<p><strong>Myyd\u00e4\u00e4n yhteislupaa Hohon \u2013ja Montolan kk alueille sek\u00e4 Kankaisten kruununmaan osakaskunnan alueelle. Mets\u00e4stysalueelle kulku yleisen tien kautta (=Hohontie).<\/strong><\/p>\n\n\n\n<p><strong>Mets\u00e4styskausimaksun hinta 60 \u20ac kaikilta,<\/strong>&nbsp;paitsi Kankaisten kruununmaan osakaskunnan j\u00e4senilt\u00e4 ilmaista koko kauden omalla Lapinj\u00e4rven Toivakan kunnan puoleisella alueella.<\/p>\n\n\n\n<p><strong>Mets\u00e4stys alkaa ke 20.08.2025 klo 12.00 ja on sallittu Lapinj\u00e4rvell\u00e4 \u2013su 24.8.2025<\/strong> asti.<\/p>\n\n\n\n<p>Mets\u00e4stys jatkuu\u00a0<strong>ma 25.8.2024 alkaen ja on sallittua vain viikonloppuisin (pe-la-su) mets\u00e4styskauden loppuun.<\/strong><\/p>\n\n\n\n<p><strong>Lupia saatavissa<\/strong>&nbsp;Osuuspankeista pankin aukioloaikoina tai maksamalla esim. netin kautta. (Muista merkit\u00e4 laskuun Lapinj\u00e4rven kausilupa\/tai Lievestuoreenj\u00e4rven kausilupa ja kuitti mukana mets\u00e4ll\u00e4).<\/p>\n\n\n\n<p><strong>K-S OP tili nro FI40 5232 0240 0211 38<\/strong><\/p>\n\n\n\n<p>&nbsp;<strong>MUISTA!<\/strong>&nbsp;Vesilintuja ei saa ampua lyijyhauleilla vesill\u00e4 eik\u00e4 maalla !<\/p>\n\n\n\n<p><strong>Valvonta:<\/strong>&nbsp;Valvonnan suorittaa Laukaan rhy:n valvojat, poliisi sek\u00e4 osakaskuntien nime\u00e4m\u00e4t henkil\u00f6t !<\/p>\n\n\n\n<p>&nbsp;<strong>Lis\u00e4tietoja mets\u00e4stysasioista saatavilla:<\/strong><\/p>\n\n\n\n<p>Montolan kk pj. Viljo Hokkanen p 050-3534838 , Hohon kk pj. Mauno Tarvainen p. 050-4105586 ja Kankaisten kruununmaan osakaskunnan pj. Jukka Laitinen 0400-340062, Markkulan kk pj. Lasse Manninen 040-5158349<\/p>\n","protected":false},"excerpt":{"rendered":"<p>Sorsastus Hohon \u2013ja Montolan kk, Kankaisten kruununmaan osakaskunta ja Markkulan osakaskunta SORSASTUS SYKSY 2025 1. Lievestuoreenj\u00e4rvi Yhteislupa Osakas ei tarvitse lupaa omalla osakaskuntansa alueella &#8211; ei maksua! Ulkopuolisille myyd\u00e4\u00e4n\u00a0yhteislupaa Montolan ja Markkulan kanssa sel\u00e4n puolelle. Luvan hinta 35\u20ac\/syksy (oikeuttaa mets\u00e4st\u00e4m\u00e4\u00e4n kaikkina mets\u00e4stysp\u00e4ivin\u00e4). Lapinluodon &#8211; Koulusaarten alue Lievestuoreenj\u00e4rvell\u00e4 mets\u00e4stys on kielletty &#8211; alue rauhoitettu.\u00a0Yhteislupa ei koske<\/p>\n<p><a class=\"moretag\" href=\"https:\/\/leppavedenhankasalmenkalatalousalue.fi\/hoho\/luvat\/sorsastus\/\"> Lue lis\u00e4\u00e4 ><\/a><\/p>\n","protected":false},"author":1,"featured_media":0,"parent":45,"menu_order":0,"comment_status":"closed","ping_status":"closed","template":"basic-sivu.php","meta":{"_acf_changed":false,"footnotes":""},"class_list":["post-250","page","type-page","status-publish","hentry"],"acf":[],"yoast_head":"<!-- This site is optimized with the Yoast SEO plugin v27.1.1 - https:\/\/yoast.com\/product\/yoast-seo-wordpress\/ -->\n<title>Sorsastus - Hohon osakaskunta<\/title>\n<meta name=\"robots\" content=\"index, follow, max-snippet:-1, max-image-preview:large, max-video-preview:-1\" \/>\n<link rel=\"canonical\" href=\"https:\/\/leppavedenhankasalmenkalatalousalue.fi\/hoho\/luvat\/sorsastus\/\" \/>\n<meta property=\"og:locale\" content=\"fi_FI\" \/>\n<meta property=\"og:type\" content=\"article\" \/>\n<meta property=\"og:title\" content=\"Sorsastus - Hohon osakaskunta\" \/>\n<meta property=\"og:description\" content=\"Sorsastus Hohon \u2013ja Montolan kk, Kankaisten kruununmaan osakaskunta ja Markkulan osakaskunta SORSASTUS SYKSY 2025 1. Lievestuoreenj\u00e4rvi Yhteislupa Osakas ei tarvitse lupaa omalla osakaskuntansa alueella &#8211; ei maksua! Ulkopuolisille myyd\u00e4\u00e4n\u00a0yhteislupaa Montolan ja Markkulan kanssa sel\u00e4n puolelle. Luvan hinta 35\u20ac\/syksy (oikeuttaa mets\u00e4st\u00e4m\u00e4\u00e4n kaikkina mets\u00e4stysp\u00e4ivin\u00e4). Lapinluodon &#8211; Koulusaarten alue Lievestuoreenj\u00e4rvell\u00e4 mets\u00e4stys on kielletty &#8211; alue rauhoitettu.\u00a0Yhteislupa ei koske Lue lis\u00e4\u00e4 &gt;\" \/>\n<meta property=\"og:url\" content=\"https:\/\/leppavedenhankasalmenkalatalousalue.fi\/hoho\/luvat\/sorsastus\/\" \/>\n<meta property=\"og:site_name\" content=\"Hohon osakaskunta\" \/>\n<meta property=\"article:modified_time\" content=\"2025-08-09T13:08:55+00:00\" \/>\n<meta name=\"twitter:card\" content=\"summary_large_image\" \/>\n<meta name=\"twitter:label1\" content=\"Arvioitu lukuaika\" \/>\n\t<meta name=\"twitter:data1\" content=\"2 minuuttia\" \/>\n<script type=\"application\/ld+json\" class=\"yoast-schema-graph\">{\"@context\":\"https:\/\/schema.org\",\"@graph\":[{\"@type\":\"WebPage\",\"@id\":\"https:\/\/leppavedenhankasalmenkalatalousalue.fi\/hoho\/luvat\/sorsastus\/\",\"url\":\"https:\/\/leppavedenhankasalmenkalatalousalue.fi\/hoho\/luvat\/sorsastus\/\",\"name\":\"Sorsastus - Hohon osakaskunta\",\"isPartOf\":{\"@id\":\"https:\/\/leppavedenhankasalmenkalatalousalue.fi\/hoho\/#website\"},\"datePublished\":\"2021-01-15T10:38:59+00:00\",\"dateModified\":\"2025-08-09T13:08:55+00:00\",\"breadcrumb\":{\"@id\":\"https:\/\/leppavedenhankasalmenkalatalousalue.fi\/hoho\/luvat\/sorsastus\/#breadcrumb\"},\"inLanguage\":\"fi\",\"potentialAction\":[{\"@type\":\"ReadAction\",\"target\":[\"https:\/\/leppavedenhankasalmenkalatalousalue.fi\/hoho\/luvat\/sorsastus\/\"]}]},{\"@type\":\"BreadcrumbList\",\"@id\":\"https:\/\/leppavedenhankasalmenkalatalousalue.fi\/hoho\/luvat\/sorsastus\/#breadcrumb\",\"itemListElement\":[{\"@type\":\"ListItem\",\"position\":1,\"name\":\"Home\",\"item\":\"https:\/\/leppavedenhankasalmenkalatalousalue.fi\/hoho\/\"},{\"@type\":\"ListItem\",\"position\":2,\"name\":\"Luvat\",\"item\":\"https:\/\/leppavedenhankasalmenkalatalousalue.fi\/hoho\/luvat\/\"},{\"@type\":\"ListItem\",\"position\":3,\"name\":\"Sorsastus\"}]},{\"@type\":\"WebSite\",\"@id\":\"https:\/\/leppavedenhankasalmenkalatalousalue.fi\/hoho\/#website\",\"url\":\"https:\/\/leppavedenhankasalmenkalatalousalue.fi\/hoho\/\",\"name\":\"Hohon osakaskunta\",\"description\":\"\",\"potentialAction\":[{\"@type\":\"SearchAction\",\"target\":{\"@type\":\"EntryPoint\",\"urlTemplate\":\"https:\/\/leppavedenhankasalmenkalatalousalue.fi\/hoho\/?s={search_term_string}\"},\"query-input\":{\"@type\":\"PropertyValueSpecification\",\"valueRequired\":true,\"valueName\":\"search_term_string\"}}],\"inLanguage\":\"fi\"}]}<\/script>\n<!-- \/ Yoast SEO plugin. -->","yoast_head_json":{"title":"Sorsastus - Hohon osakaskunta","robots":{"index":"index","follow":"follow","max-snippet":"max-snippet:-1","max-image-preview":"max-image-preview:large","max-video-preview":"max-video-preview:-1"},"canonical":"https:\/\/leppavedenhankasalmenkalatalousalue.fi\/hoho\/luvat\/sorsastus\/","og_locale":"fi_FI","og_type":"article","og_title":"Sorsastus - Hohon osakaskunta","og_description":"Sorsastus Hohon \u2013ja Montolan kk, Kankaisten kruununmaan osakaskunta ja Markkulan osakaskunta SORSASTUS SYKSY 2025 1. Lievestuoreenj\u00e4rvi Yhteislupa Osakas ei tarvitse lupaa omalla osakaskuntansa alueella &#8211; ei maksua! Ulkopuolisille myyd\u00e4\u00e4n\u00a0yhteislupaa Montolan ja Markkulan kanssa sel\u00e4n puolelle. Luvan hinta 35\u20ac\/syksy (oikeuttaa mets\u00e4st\u00e4m\u00e4\u00e4n kaikkina mets\u00e4stysp\u00e4ivin\u00e4). Lapinluodon &#8211; Koulusaarten alue Lievestuoreenj\u00e4rvell\u00e4 mets\u00e4stys on kielletty &#8211; alue rauhoitettu.\u00a0Yhteislupa ei koske Lue lis\u00e4\u00e4 >","og_url":"https:\/\/leppavedenhankasalmenkalatalousalue.fi\/hoho\/luvat\/sorsastus\/","og_site_name":"Hohon osakaskunta","article_modified_time":"2025-08-09T13:08:55+00:00","twitter_card":"summary_large_image","twitter_misc":{"Arvioitu lukuaika":"2 minuuttia"},"schema":{"@context":"https:\/\/schema.org","@graph":[{"@type":"WebPage","@id":"https:\/\/leppavedenhankasalmenkalatalousalue.fi\/hoho\/luvat\/sorsastus\/","url":"https:\/\/leppavedenhankasalmenkalatalousalue.fi\/hoho\/luvat\/sorsastus\/","name":"Sorsastus - Hohon osakaskunta","isPartOf":{"@id":"https:\/\/leppavedenhankasalmenkalatalousalue.fi\/hoho\/#website"},"datePublished":"2021-01-15T10:38:59+00:00","dateModified":"2025-08-09T13:08:55+00:00","breadcrumb":{"@id":"https:\/\/leppavedenhankasalmenkalatalousalue.fi\/hoho\/luvat\/sorsastus\/#breadcrumb"},"inLanguage":"fi","potentialAction":[{"@type":"ReadAction","target":["https:\/\/leppavedenhankasalmenkalatalousalue.fi\/hoho\/luvat\/sorsastus\/"]}]},{"@type":"BreadcrumbList","@id":"https:\/\/leppavedenhankasalmenkalatalousalue.fi\/hoho\/luvat\/sorsastus\/#breadcrumb","itemListElement":[{"@type":"ListItem","position":1,"name":"Home","item":"https:\/\/leppavedenhankasalmenkalatalousalue.fi\/hoho\/"},{"@type":"ListItem","position":2,"name":"Luvat","item":"https:\/\/leppavedenhankasalmenkalatalousalue.fi\/hoho\/luvat\/"},{"@type":"ListItem","position":3,"name":"Sorsastus"}]},{"@type":"WebSite","@id":"https:\/\/leppavedenhankasalmenkalatalousalue.fi\/hoho\/#website","url":"https:\/\/leppavedenhankasalmenkalatalousalue.fi\/hoho\/","name":"Hohon osakaskunta","description":"","potentialAction":[{"@type":"SearchAction","target":{"@type":"EntryPoint","urlTemplate":"https:\/\/leppavedenhankasalmenkalatalousalue.fi\/hoho\/?s={search_term_string}"},"query-input":{"@type":"PropertyValueSpecification","valueRequired":true,"valueName":"search_term_string"}}],"inLanguage":"fi"}]}},"_links":{"self":[{"href":"https:\/\/leppavedenhankasalmenkalatalousalue.fi\/hoho\/wp-json\/wp\/v2\/pages\/250","targetHints":{"allow":["GET"]}}],"collection":[{"href":"https:\/\/leppavedenhankasalmenkalatalousalue.fi\/hoho\/wp-json\/wp\/v2\/pages"}],"about":[{"href":"https:\/\/leppavedenhankasalmenkalatalousalue.fi\/hoho\/wp-json\/wp\/v2\/types\/page"}],"author":[{"embeddable":true,"href":"https:\/\/leppavedenhankasalmenkalatalousalue.fi\/hoho\/wp-json\/wp\/v2\/users\/1"}],"replies":[{"embeddable":true,"href":"https:\/\/leppavedenhankasalmenkalatalousalue.fi\/hoho\/wp-json\/wp\/v2\/comments?post=250"}],"version-history":[{"count":11,"href":"https:\/\/leppavedenhankasalmenkalatalousalue.fi\/hoho\/wp-json\/wp\/v2\/pages\/250\/revisions"}],"predecessor-version":[{"id":352,"href":"https:\/\/leppavedenhankasalmenkalatalousalue.fi\/hoho\/wp-json\/wp\/v2\/pages\/250\/revisions\/352"}],"up":[{"embeddable":true,"href":"https:\/\/leppavedenhankasalmenkalatalousalue.fi\/hoho\/wp-json\/wp\/v2\/pages\/45"}],"wp:attachment":[{"href":"https:\/\/leppavedenhankasalmenkalatalousalue.fi\/hoho\/wp-json\/wp\/v2\/media?parent=250"}],"curies":[{"name":"wp","href":"https:\/\/api.w.org\/{rel}","templated":true}]}}