{"id":86,"date":"2020-10-29T11:39:36","date_gmt":"2020-10-29T11:39:36","guid":{"rendered":"http:\/\/89.166.51.80\/~leppaveden\/tolvasniemen-osakaskunta\/?page_id=86"},"modified":"2024-04-09T10:07:55","modified_gmt":"2024-04-09T10:07:55","slug":"lupamaksut-ja-ohjeet","status":"publish","type":"page","link":"https:\/\/leppavedenhankasalmenkalatalousalue.fi\/markkula\/luvat\/lupamaksut-ja-ohjeet\/","title":{"rendered":"Lupamaksut ja ohjeet"},"content":{"rendered":"\n<h2 class=\"wp-block-heading\">Lupamaksut ja ohjeet<\/h2>\n\n\n\n<p>LIEVESTUOREENJ\u00c4RVEN KALASTUKSENHOITOYHTYM\u00c4N KALASTUSLUPAOHJEET 2023-2024Lievestuoreenj\u00e4rveen voi ostaa enint\u00e4\u00e4n 6 merkki\u00e4\/kalastaja a`10 \u20ac. Lupa oikeuttaa 3mx30m verkkoon\/merkki, maksimikorkeus 6m (yli 3m verkko vaatii 2 merkki\u00e4). Kartassa merkityt alueet vain kalastuskuntien omilla luvilla ja ohjeilla.Kalastusrajoitukset, ELY\/KHS: SILM\u00c4KOOT alle 55 mm kielletty 1.12.-31.5.PYYDYSKALASTUS KIELLETTY NS. KUILUN ALUEELLA koko vuoden, rajat Majasaaren silta-Koppelsaari-Laitisen rannan j\u00e4rveen p\u00e4\u00e4ttyv\u00e4 patotie. Kalastuskielto 1.9.-30.11.PYYDYSKALASTUS kielletty 10.5.-15.6. kuhan kudun turvaamiseksi alueella, joka alkaa Suurosen rantavajasta, siit\u00e4 l\u00e4nteen Kalattomankarin mustavalkoiseen v\u00e4yl\u00e4merkkiin, josta venev\u00e4yl\u00e4\u00e4 etel\u00e4\u00e4n Lokinsaaren punavalkoiseen v\u00e4yl\u00e4merkkiin, josta Kukkosaareen ja Majaniemeen. Alueen it\u00e4raja Montolan niemi-Raita-ahon niemi. Kallaanlahdella kaikki kalastus kielletty 10.5.-15.6.PYYDYSKALASTUS kielletty siian kudun turvaamiseksi 15.10-30.11. rajojen Majasaaren vihre\u00e4 v\u00e4yl\u00e4merkki- Montolan p\u00e4\u00e4niemi (merkki rannassa) etel\u00e4-it\u00e4puolella.Siikaverkon silm\u00e4koko v\u00e4hint\u00e4\u00e4n 45 mm.Lains\u00e4\u00e4d\u00e4nt\u00f6\u00e4: kuhan alamitta 42 cm, istutettu taimen 50 cm (luonnonkala rauhoitettu), j\u00e4rvilohi 60cm. Yhden kalastajan\/porukan suurin verkkom\u00e4\u00e4r\u00e4 240 m.Pyydysmerkki talvella 1,2 m salko, 2cm heijastin. Kes\u00e4ll\u00e4 1,2 m salko,jossa 20cmx20 cm lippuja heijastin, kohoverkoissa ja matalan veden verkoissa kaksi lippua. K\u00e4ytett\u00e4v\u00e4 uppoavia naruja.Merkkisalkoon kalastajan nimi, yhteystieto ja verkkomerkit.Katiska ei yhtym\u00e4n alueella tarvitse pyydysmerkki\u00e4, oltava 15cm korkea pola ja yhteystiedot.Kaikki luvalliset kalat pois j\u00e4rvelt\u00e4.PERHO- JA UISTINKALASTUKSEEN SAAT LUVAN MAKSAMALLA SEN TILILLE FI02 4760 0010 0131 36 Konneveden op, tai verkosta: Lievestuoreen khy:n lupa maksaa 50 \u20ac 18v ja vanh.,12-18v. 10 \u20ac, kahden viikon lupa 20\u20ac\/5\u20ac. Liepeen lupa on venekohtainen ja SIT\u00c4 K\u00c4YTETT\u00c4ESS\u00c4 PYYNNISS\u00c4 SAA OLLA 6 VAPAA. Kausilupa on voimassa 1.5.2023-30.4.2024KUILUN VIRTA ON LOHIKALAPITOINEN VIRTAVESI. KALASTUS KIELLETTY 1.9.-30.11. Madon k\u00e4ytt\u00f6 sy\u00f6ttin\u00e4 kielletty. Vain khy:n luvalla.Kiinti\u00f6 perho- ja uistinkalastukseen: 2 lohikalaa\/vrk\/lupa, 5 kuhaa \/vrk\/lupa.Kalastuskunnat j\u00e4rjest\u00e4v\u00e4t haukikilpailun. Toimita punnistustodistus Heikki Salmiselle p. 0400 311816.TUO KAIKKI J\u00c4RVELLE VIEM\u00c4SI SIELT\u00c4 MY\u00d6S POIS. PIDET\u00c4\u00c4N J\u00c4RVI PUHTAANA.MUISTATHAN OTTAA RANTA-ASUKKAAT JA MUUT VESILL\u00c4 OLIJAT HUOMIOON.Kalastusta valvovat Kalatalousalueen valvojat, poliisi sek\u00e4 Mauno Tarvainen ja Heikki Salminen kalastuskuntien valtuuttamina.T\u00e4m\u00e4 ohje on kalastajan ja lupien antajan v\u00e4linen sopimus, joka velvoittaa hoitamaan j\u00e4rve\u00e4 ja jokaista toimimaan ohjeiden ja hyvien tapojen mukaisesti. Rikkomuksen vuoksi lupa voidaan perua.1988-2022 kalastuskunnat ovat istuttaneet j\u00e4rveen kuhaa 463000kpl, siikaa n. 410000 kpl, taimentan. 41900 kpl, j\u00e4rvilohta n. 33500 kpl ja harjusta n.11000kpl<\/p>\n","protected":false},"excerpt":{"rendered":"<p>Lupamaksut ja ohjeet LIEVESTUOREENJ\u00c4RVEN KALASTUKSENHOITOYHTYM\u00c4N KALASTUSLUPAOHJEET 2023-2024Lievestuoreenj\u00e4rveen voi ostaa enint\u00e4\u00e4n 6 merkki\u00e4\/kalastaja a`10 \u20ac. Lupa oikeuttaa 3mx30m verkkoon\/merkki, maksimikorkeus 6m (yli 3m verkko vaatii 2 merkki\u00e4). Kartassa merkityt alueet vain kalastuskuntien omilla luvilla ja ohjeilla.Kalastusrajoitukset, ELY\/KHS: SILM\u00c4KOOT alle 55 mm kielletty 1.12.-31.5.PYYDYSKALASTUS KIELLETTY NS. KUILUN ALUEELLA koko vuoden, rajat Majasaaren silta-Koppelsaari-Laitisen rannan j\u00e4rveen p\u00e4\u00e4ttyv\u00e4 patotie.<\/p>\n<p><a class=\"moretag\" href=\"https:\/\/leppavedenhankasalmenkalatalousalue.fi\/markkula\/luvat\/lupamaksut-ja-ohjeet\/\"> Lue lis\u00e4\u00e4 ><\/a><\/p>\n","protected":false},"author":1,"featured_media":0,"parent":45,"menu_order":0,"comment_status":"closed","ping_status":"closed","template":"basic-sivu.php","meta":{"_acf_changed":false,"footnotes":""},"class_list":["post-86","page","type-page","status-publish","hentry"],"acf":[],"yoast_head":"<!-- This site is optimized with the Yoast SEO plugin v27.1.1 - https:\/\/yoast.com\/product\/yoast-seo-wordpress\/ -->\n<title>Lupamaksut ja ohjeet - Markkulan osakaskunta<\/title>\n<meta name=\"description\" content=\".\" \/>\n<meta name=\"robots\" content=\"index, follow, max-snippet:-1, max-image-preview:large, max-video-preview:-1\" \/>\n<link rel=\"canonical\" href=\"https:\/\/leppavedenhankasalmenkalatalousalue.fi\/markkula\/luvat\/lupamaksut-ja-ohjeet\/\" \/>\n<meta property=\"og:locale\" content=\"fi_FI\" \/>\n<meta property=\"og:type\" content=\"article\" \/>\n<meta property=\"og:title\" content=\"Lupamaksut ja ohjeet - Markkulan osakaskunta\" \/>\n<meta property=\"og:description\" content=\".\" \/>\n<meta property=\"og:url\" content=\"https:\/\/leppavedenhankasalmenkalatalousalue.fi\/markkula\/luvat\/lupamaksut-ja-ohjeet\/\" \/>\n<meta property=\"og:site_name\" content=\"Markkulan osakaskunta\" \/>\n<meta property=\"article:modified_time\" content=\"2024-04-09T10:07:55+00:00\" \/>\n<meta name=\"twitter:card\" content=\"summary_large_image\" \/>\n<meta name=\"twitter:label1\" content=\"Arvioitu lukuaika\" \/>\n\t<meta name=\"twitter:data1\" content=\"3 minuuttia\" \/>\n<script type=\"application\/ld+json\" class=\"yoast-schema-graph\">{\"@context\":\"https:\/\/schema.org\",\"@graph\":[{\"@type\":\"WebPage\",\"@id\":\"https:\/\/leppavedenhankasalmenkalatalousalue.fi\/markkula\/luvat\/lupamaksut-ja-ohjeet\/\",\"url\":\"https:\/\/leppavedenhankasalmenkalatalousalue.fi\/markkula\/luvat\/lupamaksut-ja-ohjeet\/\",\"name\":\"Lupamaksut ja ohjeet - Markkulan osakaskunta\",\"isPartOf\":{\"@id\":\"https:\/\/leppavedenhankasalmenkalatalousalue.fi\/markkula\/#website\"},\"datePublished\":\"2020-10-29T11:39:36+00:00\",\"dateModified\":\"2024-04-09T10:07:55+00:00\",\"description\":\".\",\"breadcrumb\":{\"@id\":\"https:\/\/leppavedenhankasalmenkalatalousalue.fi\/markkula\/luvat\/lupamaksut-ja-ohjeet\/#breadcrumb\"},\"inLanguage\":\"fi\",\"potentialAction\":[{\"@type\":\"ReadAction\",\"target\":[\"https:\/\/leppavedenhankasalmenkalatalousalue.fi\/markkula\/luvat\/lupamaksut-ja-ohjeet\/\"]}]},{\"@type\":\"BreadcrumbList\",\"@id\":\"https:\/\/leppavedenhankasalmenkalatalousalue.fi\/markkula\/luvat\/lupamaksut-ja-ohjeet\/#breadcrumb\",\"itemListElement\":[{\"@type\":\"ListItem\",\"position\":1,\"name\":\"Home\",\"item\":\"https:\/\/leppavedenhankasalmenkalatalousalue.fi\/markkula\/\"},{\"@type\":\"ListItem\",\"position\":2,\"name\":\"Yksityinen: Luvat\",\"item\":\"https:\/\/leppavedenhankasalmenkalatalousalue.fi\/markkula\/?page_id=45\"},{\"@type\":\"ListItem\",\"position\":3,\"name\":\"Lupamaksut ja ohjeet\"}]},{\"@type\":\"WebSite\",\"@id\":\"https:\/\/leppavedenhankasalmenkalatalousalue.fi\/markkula\/#website\",\"url\":\"https:\/\/leppavedenhankasalmenkalatalousalue.fi\/markkula\/\",\"name\":\"Markkulan osakaskunta\",\"description\":\"\",\"potentialAction\":[{\"@type\":\"SearchAction\",\"target\":{\"@type\":\"EntryPoint\",\"urlTemplate\":\"https:\/\/leppavedenhankasalmenkalatalousalue.fi\/markkula\/?s={search_term_string}\"},\"query-input\":{\"@type\":\"PropertyValueSpecification\",\"valueRequired\":true,\"valueName\":\"search_term_string\"}}],\"inLanguage\":\"fi\"}]}<\/script>\n<!-- \/ Yoast SEO plugin. -->","yoast_head_json":{"title":"Lupamaksut ja ohjeet - Markkulan osakaskunta","description":".","robots":{"index":"index","follow":"follow","max-snippet":"max-snippet:-1","max-image-preview":"max-image-preview:large","max-video-preview":"max-video-preview:-1"},"canonical":"https:\/\/leppavedenhankasalmenkalatalousalue.fi\/markkula\/luvat\/lupamaksut-ja-ohjeet\/","og_locale":"fi_FI","og_type":"article","og_title":"Lupamaksut ja ohjeet - Markkulan osakaskunta","og_description":".","og_url":"https:\/\/leppavedenhankasalmenkalatalousalue.fi\/markkula\/luvat\/lupamaksut-ja-ohjeet\/","og_site_name":"Markkulan osakaskunta","article_modified_time":"2024-04-09T10:07:55+00:00","twitter_card":"summary_large_image","twitter_misc":{"Arvioitu lukuaika":"3 minuuttia"},"schema":{"@context":"https:\/\/schema.org","@graph":[{"@type":"WebPage","@id":"https:\/\/leppavedenhankasalmenkalatalousalue.fi\/markkula\/luvat\/lupamaksut-ja-ohjeet\/","url":"https:\/\/leppavedenhankasalmenkalatalousalue.fi\/markkula\/luvat\/lupamaksut-ja-ohjeet\/","name":"Lupamaksut ja ohjeet - Markkulan osakaskunta","isPartOf":{"@id":"https:\/\/leppavedenhankasalmenkalatalousalue.fi\/markkula\/#website"},"datePublished":"2020-10-29T11:39:36+00:00","dateModified":"2024-04-09T10:07:55+00:00","description":".","breadcrumb":{"@id":"https:\/\/leppavedenhankasalmenkalatalousalue.fi\/markkula\/luvat\/lupamaksut-ja-ohjeet\/#breadcrumb"},"inLanguage":"fi","potentialAction":[{"@type":"ReadAction","target":["https:\/\/leppavedenhankasalmenkalatalousalue.fi\/markkula\/luvat\/lupamaksut-ja-ohjeet\/"]}]},{"@type":"BreadcrumbList","@id":"https:\/\/leppavedenhankasalmenkalatalousalue.fi\/markkula\/luvat\/lupamaksut-ja-ohjeet\/#breadcrumb","itemListElement":[{"@type":"ListItem","position":1,"name":"Home","item":"https:\/\/leppavedenhankasalmenkalatalousalue.fi\/markkula\/"},{"@type":"ListItem","position":2,"name":"Yksityinen: Luvat","item":"https:\/\/leppavedenhankasalmenkalatalousalue.fi\/markkula\/?page_id=45"},{"@type":"ListItem","position":3,"name":"Lupamaksut ja ohjeet"}]},{"@type":"WebSite","@id":"https:\/\/leppavedenhankasalmenkalatalousalue.fi\/markkula\/#website","url":"https:\/\/leppavedenhankasalmenkalatalousalue.fi\/markkula\/","name":"Markkulan osakaskunta","description":"","potentialAction":[{"@type":"SearchAction","target":{"@type":"EntryPoint","urlTemplate":"https:\/\/leppavedenhankasalmenkalatalousalue.fi\/markkula\/?s={search_term_string}"},"query-input":{"@type":"PropertyValueSpecification","valueRequired":true,"valueName":"search_term_string"}}],"inLanguage":"fi"}]}},"_links":{"self":[{"href":"https:\/\/leppavedenhankasalmenkalatalousalue.fi\/markkula\/wp-json\/wp\/v2\/pages\/86","targetHints":{"allow":["GET"]}}],"collection":[{"href":"https:\/\/leppavedenhankasalmenkalatalousalue.fi\/markkula\/wp-json\/wp\/v2\/pages"}],"about":[{"href":"https:\/\/leppavedenhankasalmenkalatalousalue.fi\/markkula\/wp-json\/wp\/v2\/types\/page"}],"author":[{"embeddable":true,"href":"https:\/\/leppavedenhankasalmenkalatalousalue.fi\/markkula\/wp-json\/wp\/v2\/users\/1"}],"replies":[{"embeddable":true,"href":"https:\/\/leppavedenhankasalmenkalatalousalue.fi\/markkula\/wp-json\/wp\/v2\/comments?post=86"}],"version-history":[{"count":7,"href":"https:\/\/leppavedenhankasalmenkalatalousalue.fi\/markkula\/wp-json\/wp\/v2\/pages\/86\/revisions"}],"predecessor-version":[{"id":286,"href":"https:\/\/leppavedenhankasalmenkalatalousalue.fi\/markkula\/wp-json\/wp\/v2\/pages\/86\/revisions\/286"}],"up":[{"embeddable":true,"href":"https:\/\/leppavedenhankasalmenkalatalousalue.fi\/markkula\/wp-json\/wp\/v2\/pages\/45"}],"wp:attachment":[{"href":"https:\/\/leppavedenhankasalmenkalatalousalue.fi\/markkula\/wp-json\/wp\/v2\/media?parent=86"}],"curies":[{"name":"wp","href":"https:\/\/api.w.org\/{rel}","templated":true}]}}