{"id":49,"date":"2020-10-29T09:51:51","date_gmt":"2020-10-29T09:51:51","guid":{"rendered":"http:\/\/89.166.51.80\/~leppaveden\/vahvaselan-osakaskunta\/?page_id=49"},"modified":"2025-04-10T14:35:34","modified_gmt":"2025-04-10T14:35:34","slug":"paatokset","status":"publish","type":"page","link":"https:\/\/leppavedenhankasalmenkalatalousalue.fi\/montola\/paatokset\/","title":{"rendered":"Rajoitukset"},"content":{"rendered":"\n<h2 class=\"wp-block-heading\">Rajoitukset<\/h2>\n\n\n\n<div class=\"wp-block-columns is-layout-flex wp-container-core-columns-is-layout-9d6595d7 wp-block-columns-is-layout-flex\">\n<div class=\"wp-block-column is-layout-flow wp-block-column-is-layout-flow\" style=\"flex-basis:12.7%\">\n<p><\/p>\n<\/div>\n\n\n\n<div class=\"wp-block-column is-layout-flow wp-block-column-is-layout-flow\">\n<p><strong>Lains\u00e4\u00e4d\u00e4nt\u00f6\u00e4:&nbsp;<\/strong>kuhan alamitta 42 cm, istutettu taimen 50 cm (luonnonkala rauhoitettu), j\u00e4rvilohi 60cm. Yhden kalastajan\/porukan suurin verkkom\u00e4\u00e4r\u00e4 240 m.<\/p>\n\n\n\n<p><strong>Pyydysmerkki talvella<\/strong> 1,2 m salko, 2cm heijastin. <strong>Kes\u00e4ll\u00e4 <\/strong>1,2 m salko, jossa 20cmx20 cm lippu ja heijastin, kohoverkoissa ja matalan veden verkoissa kaksi lippua. K\u00e4ytett\u00e4v\u00e4 uppoavia naruja.<\/p>\n\n\n\n<p>Merkkisalkoon kalastajan nimi, yhteystieto ja verkkomerkit.<\/p>\n\n\n\n<p><strong>Osakaskunnan j\u00e4sen saa pyyt\u00e4\u00e4 rapuja<\/strong> enint\u00e4\u00e4n 10 katiskalla tai rapumerralla Montolan vesialueella. Pyydykseen yhteystieto ja puhelinnumero.<\/p>\n\n\n\n<p><\/p>\n\n\n\n<p><\/p>\n\n\n\n<p><\/p>\n<\/div>\n<\/div>\n","protected":false},"excerpt":{"rendered":"<p>Rajoitukset Lains\u00e4\u00e4d\u00e4nt\u00f6\u00e4:&nbsp;kuhan alamitta 42 cm, istutettu taimen 50 cm (luonnonkala rauhoitettu), j\u00e4rvilohi 60cm. Yhden kalastajan\/porukan suurin verkkom\u00e4\u00e4r\u00e4 240 m. Pyydysmerkki talvella 1,2 m salko, 2cm heijastin. Kes\u00e4ll\u00e4 1,2 m salko, jossa 20cmx20 cm lippu ja heijastin, kohoverkoissa ja matalan veden verkoissa kaksi lippua. K\u00e4ytett\u00e4v\u00e4 uppoavia naruja. Merkkisalkoon kalastajan nimi, yhteystieto ja verkkomerkit. Osakaskunnan j\u00e4sen saa<\/p>\n<p><a class=\"moretag\" href=\"https:\/\/leppavedenhankasalmenkalatalousalue.fi\/montola\/paatokset\/\"> Lue lis\u00e4\u00e4 ><\/a><\/p>\n","protected":false},"author":1,"featured_media":0,"parent":0,"menu_order":0,"comment_status":"closed","ping_status":"closed","template":"basic-sivu.php","meta":{"_acf_changed":false,"footnotes":""},"class_list":["post-49","page","type-page","status-publish","hentry"],"acf":[],"yoast_head":"<!-- This site is optimized with the Yoast SEO plugin v27.1.1 - https:\/\/yoast.com\/product\/yoast-seo-wordpress\/ -->\n<title>Rajoitukset - Montolan osakaskunta<\/title>\n<meta name=\"robots\" content=\"index, follow, max-snippet:-1, max-image-preview:large, max-video-preview:-1\" \/>\n<link rel=\"canonical\" href=\"https:\/\/leppavedenhankasalmenkalatalousalue.fi\/montola\/paatokset\/\" \/>\n<meta property=\"og:locale\" content=\"fi_FI\" \/>\n<meta property=\"og:type\" content=\"article\" \/>\n<meta property=\"og:title\" content=\"Rajoitukset - Montolan osakaskunta\" \/>\n<meta property=\"og:description\" content=\"Rajoitukset Lains\u00e4\u00e4d\u00e4nt\u00f6\u00e4:&nbsp;kuhan alamitta 42 cm, istutettu taimen 50 cm (luonnonkala rauhoitettu), j\u00e4rvilohi 60cm. Yhden kalastajan\/porukan suurin verkkom\u00e4\u00e4r\u00e4 240 m. Pyydysmerkki talvella 1,2 m salko, 2cm heijastin. Kes\u00e4ll\u00e4 1,2 m salko, jossa 20cmx20 cm lippu ja heijastin, kohoverkoissa ja matalan veden verkoissa kaksi lippua. K\u00e4ytett\u00e4v\u00e4 uppoavia naruja. Merkkisalkoon kalastajan nimi, yhteystieto ja verkkomerkit. Osakaskunnan j\u00e4sen saa Lue lis\u00e4\u00e4 &gt;\" \/>\n<meta property=\"og:url\" content=\"https:\/\/leppavedenhankasalmenkalatalousalue.fi\/montola\/paatokset\/\" \/>\n<meta property=\"og:site_name\" content=\"Montolan osakaskunta\" \/>\n<meta property=\"article:modified_time\" content=\"2025-04-10T14:35:34+00:00\" \/>\n<meta name=\"twitter:card\" content=\"summary_large_image\" \/>\n<meta name=\"twitter:label1\" content=\"Arvioitu lukuaika\" \/>\n\t<meta name=\"twitter:data1\" content=\"1 minuutti\" \/>\n<script type=\"application\/ld+json\" class=\"yoast-schema-graph\">{\"@context\":\"https:\/\/schema.org\",\"@graph\":[{\"@type\":\"WebPage\",\"@id\":\"https:\/\/leppavedenhankasalmenkalatalousalue.fi\/montola\/paatokset\/\",\"url\":\"https:\/\/leppavedenhankasalmenkalatalousalue.fi\/montola\/paatokset\/\",\"name\":\"Rajoitukset - Montolan osakaskunta\",\"isPartOf\":{\"@id\":\"https:\/\/leppavedenhankasalmenkalatalousalue.fi\/montola\/#website\"},\"datePublished\":\"2020-10-29T09:51:51+00:00\",\"dateModified\":\"2025-04-10T14:35:34+00:00\",\"breadcrumb\":{\"@id\":\"https:\/\/leppavedenhankasalmenkalatalousalue.fi\/montola\/paatokset\/#breadcrumb\"},\"inLanguage\":\"fi\",\"potentialAction\":[{\"@type\":\"ReadAction\",\"target\":[\"https:\/\/leppavedenhankasalmenkalatalousalue.fi\/montola\/paatokset\/\"]}]},{\"@type\":\"BreadcrumbList\",\"@id\":\"https:\/\/leppavedenhankasalmenkalatalousalue.fi\/montola\/paatokset\/#breadcrumb\",\"itemListElement\":[{\"@type\":\"ListItem\",\"position\":1,\"name\":\"Home\",\"item\":\"https:\/\/leppavedenhankasalmenkalatalousalue.fi\/montola\/\"},{\"@type\":\"ListItem\",\"position\":2,\"name\":\"Rajoitukset\"}]},{\"@type\":\"WebSite\",\"@id\":\"https:\/\/leppavedenhankasalmenkalatalousalue.fi\/montola\/#website\",\"url\":\"https:\/\/leppavedenhankasalmenkalatalousalue.fi\/montola\/\",\"name\":\"Montolan osakaskunta\",\"description\":\"\",\"potentialAction\":[{\"@type\":\"SearchAction\",\"target\":{\"@type\":\"EntryPoint\",\"urlTemplate\":\"https:\/\/leppavedenhankasalmenkalatalousalue.fi\/montola\/?s={search_term_string}\"},\"query-input\":{\"@type\":\"PropertyValueSpecification\",\"valueRequired\":true,\"valueName\":\"search_term_string\"}}],\"inLanguage\":\"fi\"}]}<\/script>\n<!-- \/ Yoast SEO plugin. -->","yoast_head_json":{"title":"Rajoitukset - Montolan osakaskunta","robots":{"index":"index","follow":"follow","max-snippet":"max-snippet:-1","max-image-preview":"max-image-preview:large","max-video-preview":"max-video-preview:-1"},"canonical":"https:\/\/leppavedenhankasalmenkalatalousalue.fi\/montola\/paatokset\/","og_locale":"fi_FI","og_type":"article","og_title":"Rajoitukset - Montolan osakaskunta","og_description":"Rajoitukset Lains\u00e4\u00e4d\u00e4nt\u00f6\u00e4:&nbsp;kuhan alamitta 42 cm, istutettu taimen 50 cm (luonnonkala rauhoitettu), j\u00e4rvilohi 60cm. Yhden kalastajan\/porukan suurin verkkom\u00e4\u00e4r\u00e4 240 m. Pyydysmerkki talvella 1,2 m salko, 2cm heijastin. Kes\u00e4ll\u00e4 1,2 m salko, jossa 20cmx20 cm lippu ja heijastin, kohoverkoissa ja matalan veden verkoissa kaksi lippua. K\u00e4ytett\u00e4v\u00e4 uppoavia naruja. Merkkisalkoon kalastajan nimi, yhteystieto ja verkkomerkit. Osakaskunnan j\u00e4sen saa Lue lis\u00e4\u00e4 >","og_url":"https:\/\/leppavedenhankasalmenkalatalousalue.fi\/montola\/paatokset\/","og_site_name":"Montolan osakaskunta","article_modified_time":"2025-04-10T14:35:34+00:00","twitter_card":"summary_large_image","twitter_misc":{"Arvioitu lukuaika":"1 minuutti"},"schema":{"@context":"https:\/\/schema.org","@graph":[{"@type":"WebPage","@id":"https:\/\/leppavedenhankasalmenkalatalousalue.fi\/montola\/paatokset\/","url":"https:\/\/leppavedenhankasalmenkalatalousalue.fi\/montola\/paatokset\/","name":"Rajoitukset - Montolan osakaskunta","isPartOf":{"@id":"https:\/\/leppavedenhankasalmenkalatalousalue.fi\/montola\/#website"},"datePublished":"2020-10-29T09:51:51+00:00","dateModified":"2025-04-10T14:35:34+00:00","breadcrumb":{"@id":"https:\/\/leppavedenhankasalmenkalatalousalue.fi\/montola\/paatokset\/#breadcrumb"},"inLanguage":"fi","potentialAction":[{"@type":"ReadAction","target":["https:\/\/leppavedenhankasalmenkalatalousalue.fi\/montola\/paatokset\/"]}]},{"@type":"BreadcrumbList","@id":"https:\/\/leppavedenhankasalmenkalatalousalue.fi\/montola\/paatokset\/#breadcrumb","itemListElement":[{"@type":"ListItem","position":1,"name":"Home","item":"https:\/\/leppavedenhankasalmenkalatalousalue.fi\/montola\/"},{"@type":"ListItem","position":2,"name":"Rajoitukset"}]},{"@type":"WebSite","@id":"https:\/\/leppavedenhankasalmenkalatalousalue.fi\/montola\/#website","url":"https:\/\/leppavedenhankasalmenkalatalousalue.fi\/montola\/","name":"Montolan osakaskunta","description":"","potentialAction":[{"@type":"SearchAction","target":{"@type":"EntryPoint","urlTemplate":"https:\/\/leppavedenhankasalmenkalatalousalue.fi\/montola\/?s={search_term_string}"},"query-input":{"@type":"PropertyValueSpecification","valueRequired":true,"valueName":"search_term_string"}}],"inLanguage":"fi"}]}},"_links":{"self":[{"href":"https:\/\/leppavedenhankasalmenkalatalousalue.fi\/montola\/wp-json\/wp\/v2\/pages\/49","targetHints":{"allow":["GET"]}}],"collection":[{"href":"https:\/\/leppavedenhankasalmenkalatalousalue.fi\/montola\/wp-json\/wp\/v2\/pages"}],"about":[{"href":"https:\/\/leppavedenhankasalmenkalatalousalue.fi\/montola\/wp-json\/wp\/v2\/types\/page"}],"author":[{"embeddable":true,"href":"https:\/\/leppavedenhankasalmenkalatalousalue.fi\/montola\/wp-json\/wp\/v2\/users\/1"}],"replies":[{"embeddable":true,"href":"https:\/\/leppavedenhankasalmenkalatalousalue.fi\/montola\/wp-json\/wp\/v2\/comments?post=49"}],"version-history":[{"count":14,"href":"https:\/\/leppavedenhankasalmenkalatalousalue.fi\/montola\/wp-json\/wp\/v2\/pages\/49\/revisions"}],"predecessor-version":[{"id":433,"href":"https:\/\/leppavedenhankasalmenkalatalousalue.fi\/montola\/wp-json\/wp\/v2\/pages\/49\/revisions\/433"}],"wp:attachment":[{"href":"https:\/\/leppavedenhankasalmenkalatalousalue.fi\/montola\/wp-json\/wp\/v2\/media?parent=49"}],"curies":[{"name":"wp","href":"https:\/\/api.w.org\/{rel}","templated":true}]}}