{"id":26,"date":"2020-10-29T08:31:59","date_gmt":"2020-10-29T08:31:59","guid":{"rendered":"http:\/\/89.166.51.80\/~leppaveden\/hameenmaen-osakaskunta\/?page_id=26"},"modified":"2025-03-27T13:37:58","modified_gmt":"2025-03-27T13:37:58","slug":"tiedot","status":"publish","type":"page","link":"https:\/\/leppavedenhankasalmenkalatalousalue.fi\/nurmijarvi\/tiedot\/","title":{"rendered":"Tiedot"},"content":{"rendered":"\n<h2 class=\"wp-block-heading\">Yhteystiedot<\/h2>\n\n\n\n<p>HOITOKUNNAN J\u00c4SENET:<br>Kimmo Patanen, pj J\u00e4rvisenmutka 7 \u00a041340 Laukaa Puh. 050 3659228<br>Tommi Rautiainen, \u00c4ij\u00e4l\u00e4 \u00a0Puh. 044 271 4417<br>Olavi H\u00e4nninen, \u00c4ij\u00e4l\u00e4ntie 1283 \u00a041390 \u00c4ij\u00e4l\u00e4 \u00a0Puh. 040 8342841<br>Rauno Hyv\u00f6nen, vara pj S\u00e4rkel\u00e4ntie 35 41390 \u00c4ij\u00e4l\u00e4 Puh 050 523 7812<br>Jarmo Supperi, \u00c4ij\u00e4l\u00e4 Puh 040 552 5711<br>Tero Nieminen, \u00c4ij\u00e4l\u00e4 Puh 044 527 9165<\/p>\n\n\n\n<h2 class=\"wp-block-heading\">Sijainti<\/h2>\n\n\n\n<p><a href=\"https:\/\/kartta.paikkatietoikkuna.fi\/?lang=fi&amp;zoomLevel=6&amp;coord=456576_6932080&amp;mapLayers=base_2+68+default,myplaces_46335+78+default&amp;showMarker=true\">Sijaintikartta paikkatietoikkuna.fi-palvelussa<\/a><\/p>\n\n\n\n<p><\/p>\n","protected":false},"excerpt":{"rendered":"<p>Yhteystiedot HOITOKUNNAN J\u00c4SENET:Kimmo Patanen, pj J\u00e4rvisenmutka 7 \u00a041340 Laukaa Puh. 050 3659228Tommi Rautiainen, \u00c4ij\u00e4l\u00e4 \u00a0Puh. 044 271 4417Olavi H\u00e4nninen, \u00c4ij\u00e4l\u00e4ntie 1283 \u00a041390 \u00c4ij\u00e4l\u00e4 \u00a0Puh. 040 8342841Rauno Hyv\u00f6nen, vara pj S\u00e4rkel\u00e4ntie 35 41390 \u00c4ij\u00e4l\u00e4 Puh 050 523 7812Jarmo Supperi, \u00c4ij\u00e4l\u00e4 Puh 040 552 5711Tero Nieminen, \u00c4ij\u00e4l\u00e4 Puh 044 527 9165 Sijainti Sijaintikartta paikkatietoikkuna.fi-palvelussa<\/p>\n","protected":false},"author":1,"featured_media":0,"parent":0,"menu_order":0,"comment_status":"closed","ping_status":"closed","template":"basic-sivu.php","meta":{"_acf_changed":false,"footnotes":""},"class_list":["post-26","page","type-page","status-publish","hentry"],"acf":[],"yoast_head":"<!-- This site is optimized with the Yoast SEO plugin v27.1.1 - https:\/\/yoast.com\/product\/yoast-seo-wordpress\/ -->\n<title>Tiedot - Nurmij\u00e4rven osakaskunta<\/title>\n<meta name=\"robots\" content=\"index, follow, max-snippet:-1, max-image-preview:large, max-video-preview:-1\" \/>\n<link rel=\"canonical\" href=\"https:\/\/leppavedenhankasalmenkalatalousalue.fi\/nurmijarvi\/tiedot\/\" \/>\n<meta property=\"og:locale\" content=\"fi_FI\" \/>\n<meta property=\"og:type\" content=\"article\" \/>\n<meta property=\"og:title\" content=\"Tiedot - Nurmij\u00e4rven osakaskunta\" \/>\n<meta property=\"og:description\" content=\"Yhteystiedot HOITOKUNNAN J\u00c4SENET:Kimmo Patanen, pj J\u00e4rvisenmutka 7 \u00a041340 Laukaa Puh. 050 3659228Tommi Rautiainen, \u00c4ij\u00e4l\u00e4 \u00a0Puh. 044 271 4417Olavi H\u00e4nninen, \u00c4ij\u00e4l\u00e4ntie 1283 \u00a041390 \u00c4ij\u00e4l\u00e4 \u00a0Puh. 040 8342841Rauno Hyv\u00f6nen, vara pj S\u00e4rkel\u00e4ntie 35 41390 \u00c4ij\u00e4l\u00e4 Puh 050 523 7812Jarmo Supperi, \u00c4ij\u00e4l\u00e4 Puh 040 552 5711Tero Nieminen, \u00c4ij\u00e4l\u00e4 Puh 044 527 9165 Sijainti Sijaintikartta paikkatietoikkuna.fi-palvelussa\" \/>\n<meta property=\"og:url\" content=\"https:\/\/leppavedenhankasalmenkalatalousalue.fi\/nurmijarvi\/tiedot\/\" \/>\n<meta property=\"og:site_name\" content=\"Nurmij\u00e4rven osakaskunta\" \/>\n<meta property=\"article:modified_time\" content=\"2025-03-27T13:37:58+00:00\" \/>\n<meta name=\"twitter:card\" content=\"summary_large_image\" \/>\n<meta name=\"twitter:label1\" content=\"Arvioitu lukuaika\" \/>\n\t<meta name=\"twitter:data1\" content=\"1 minuutti\" \/>\n<script type=\"application\/ld+json\" class=\"yoast-schema-graph\">{\"@context\":\"https:\/\/schema.org\",\"@graph\":[{\"@type\":\"WebPage\",\"@id\":\"https:\/\/leppavedenhankasalmenkalatalousalue.fi\/nurmijarvi\/tiedot\/\",\"url\":\"https:\/\/leppavedenhankasalmenkalatalousalue.fi\/nurmijarvi\/tiedot\/\",\"name\":\"Tiedot - Nurmij\u00e4rven osakaskunta\",\"isPartOf\":{\"@id\":\"https:\/\/leppavedenhankasalmenkalatalousalue.fi\/nurmijarvi\/#website\"},\"datePublished\":\"2020-10-29T08:31:59+00:00\",\"dateModified\":\"2025-03-27T13:37:58+00:00\",\"breadcrumb\":{\"@id\":\"https:\/\/leppavedenhankasalmenkalatalousalue.fi\/nurmijarvi\/tiedot\/#breadcrumb\"},\"inLanguage\":\"fi\",\"potentialAction\":[{\"@type\":\"ReadAction\",\"target\":[\"https:\/\/leppavedenhankasalmenkalatalousalue.fi\/nurmijarvi\/tiedot\/\"]}]},{\"@type\":\"BreadcrumbList\",\"@id\":\"https:\/\/leppavedenhankasalmenkalatalousalue.fi\/nurmijarvi\/tiedot\/#breadcrumb\",\"itemListElement\":[{\"@type\":\"ListItem\",\"position\":1,\"name\":\"Home\",\"item\":\"https:\/\/leppavedenhankasalmenkalatalousalue.fi\/nurmijarvi\/\"},{\"@type\":\"ListItem\",\"position\":2,\"name\":\"Tiedot\"}]},{\"@type\":\"WebSite\",\"@id\":\"https:\/\/leppavedenhankasalmenkalatalousalue.fi\/nurmijarvi\/#website\",\"url\":\"https:\/\/leppavedenhankasalmenkalatalousalue.fi\/nurmijarvi\/\",\"name\":\"Nurmij\u00e4rven osakaskunta\",\"description\":\"\",\"potentialAction\":[{\"@type\":\"SearchAction\",\"target\":{\"@type\":\"EntryPoint\",\"urlTemplate\":\"https:\/\/leppavedenhankasalmenkalatalousalue.fi\/nurmijarvi\/?s={search_term_string}\"},\"query-input\":{\"@type\":\"PropertyValueSpecification\",\"valueRequired\":true,\"valueName\":\"search_term_string\"}}],\"inLanguage\":\"fi\"}]}<\/script>\n<!-- \/ Yoast SEO plugin. -->","yoast_head_json":{"title":"Tiedot - Nurmij\u00e4rven osakaskunta","robots":{"index":"index","follow":"follow","max-snippet":"max-snippet:-1","max-image-preview":"max-image-preview:large","max-video-preview":"max-video-preview:-1"},"canonical":"https:\/\/leppavedenhankasalmenkalatalousalue.fi\/nurmijarvi\/tiedot\/","og_locale":"fi_FI","og_type":"article","og_title":"Tiedot - Nurmij\u00e4rven osakaskunta","og_description":"Yhteystiedot HOITOKUNNAN J\u00c4SENET:Kimmo Patanen, pj J\u00e4rvisenmutka 7 \u00a041340 Laukaa Puh. 050 3659228Tommi Rautiainen, \u00c4ij\u00e4l\u00e4 \u00a0Puh. 044 271 4417Olavi H\u00e4nninen, \u00c4ij\u00e4l\u00e4ntie 1283 \u00a041390 \u00c4ij\u00e4l\u00e4 \u00a0Puh. 040 8342841Rauno Hyv\u00f6nen, vara pj S\u00e4rkel\u00e4ntie 35 41390 \u00c4ij\u00e4l\u00e4 Puh 050 523 7812Jarmo Supperi, \u00c4ij\u00e4l\u00e4 Puh 040 552 5711Tero Nieminen, \u00c4ij\u00e4l\u00e4 Puh 044 527 9165 Sijainti Sijaintikartta paikkatietoikkuna.fi-palvelussa","og_url":"https:\/\/leppavedenhankasalmenkalatalousalue.fi\/nurmijarvi\/tiedot\/","og_site_name":"Nurmij\u00e4rven osakaskunta","article_modified_time":"2025-03-27T13:37:58+00:00","twitter_card":"summary_large_image","twitter_misc":{"Arvioitu lukuaika":"1 minuutti"},"schema":{"@context":"https:\/\/schema.org","@graph":[{"@type":"WebPage","@id":"https:\/\/leppavedenhankasalmenkalatalousalue.fi\/nurmijarvi\/tiedot\/","url":"https:\/\/leppavedenhankasalmenkalatalousalue.fi\/nurmijarvi\/tiedot\/","name":"Tiedot - Nurmij\u00e4rven osakaskunta","isPartOf":{"@id":"https:\/\/leppavedenhankasalmenkalatalousalue.fi\/nurmijarvi\/#website"},"datePublished":"2020-10-29T08:31:59+00:00","dateModified":"2025-03-27T13:37:58+00:00","breadcrumb":{"@id":"https:\/\/leppavedenhankasalmenkalatalousalue.fi\/nurmijarvi\/tiedot\/#breadcrumb"},"inLanguage":"fi","potentialAction":[{"@type":"ReadAction","target":["https:\/\/leppavedenhankasalmenkalatalousalue.fi\/nurmijarvi\/tiedot\/"]}]},{"@type":"BreadcrumbList","@id":"https:\/\/leppavedenhankasalmenkalatalousalue.fi\/nurmijarvi\/tiedot\/#breadcrumb","itemListElement":[{"@type":"ListItem","position":1,"name":"Home","item":"https:\/\/leppavedenhankasalmenkalatalousalue.fi\/nurmijarvi\/"},{"@type":"ListItem","position":2,"name":"Tiedot"}]},{"@type":"WebSite","@id":"https:\/\/leppavedenhankasalmenkalatalousalue.fi\/nurmijarvi\/#website","url":"https:\/\/leppavedenhankasalmenkalatalousalue.fi\/nurmijarvi\/","name":"Nurmij\u00e4rven osakaskunta","description":"","potentialAction":[{"@type":"SearchAction","target":{"@type":"EntryPoint","urlTemplate":"https:\/\/leppavedenhankasalmenkalatalousalue.fi\/nurmijarvi\/?s={search_term_string}"},"query-input":{"@type":"PropertyValueSpecification","valueRequired":true,"valueName":"search_term_string"}}],"inLanguage":"fi"}]}},"_links":{"self":[{"href":"https:\/\/leppavedenhankasalmenkalatalousalue.fi\/nurmijarvi\/wp-json\/wp\/v2\/pages\/26","targetHints":{"allow":["GET"]}}],"collection":[{"href":"https:\/\/leppavedenhankasalmenkalatalousalue.fi\/nurmijarvi\/wp-json\/wp\/v2\/pages"}],"about":[{"href":"https:\/\/leppavedenhankasalmenkalatalousalue.fi\/nurmijarvi\/wp-json\/wp\/v2\/types\/page"}],"author":[{"embeddable":true,"href":"https:\/\/leppavedenhankasalmenkalatalousalue.fi\/nurmijarvi\/wp-json\/wp\/v2\/users\/1"}],"replies":[{"embeddable":true,"href":"https:\/\/leppavedenhankasalmenkalatalousalue.fi\/nurmijarvi\/wp-json\/wp\/v2\/comments?post=26"}],"version-history":[{"count":11,"href":"https:\/\/leppavedenhankasalmenkalatalousalue.fi\/nurmijarvi\/wp-json\/wp\/v2\/pages\/26\/revisions"}],"predecessor-version":[{"id":269,"href":"https:\/\/leppavedenhankasalmenkalatalousalue.fi\/nurmijarvi\/wp-json\/wp\/v2\/pages\/26\/revisions\/269"}],"wp:attachment":[{"href":"https:\/\/leppavedenhankasalmenkalatalousalue.fi\/nurmijarvi\/wp-json\/wp\/v2\/media?parent=26"}],"curies":[{"name":"wp","href":"https:\/\/api.w.org\/{rel}","templated":true}]}}