{"id":86,"date":"2020-10-29T11:39:36","date_gmt":"2020-10-29T11:39:36","guid":{"rendered":"http:\/\/89.166.51.80\/~leppaveden\/hameenmaen-osakaskunta\/?page_id=86"},"modified":"2021-04-09T08:49:52","modified_gmt":"2021-04-09T08:49:52","slug":"lupamaksut-ja-ohjeet","status":"publish","type":"page","link":"https:\/\/leppavedenhankasalmenkalatalousalue.fi\/siikakoski\/luvat\/lupamaksut-ja-ohjeet\/","title":{"rendered":"Lupamaksut ja ohjeet"},"content":{"rendered":"\n<h2 class=\"wp-block-heading\">Lupamaksut ja ohjeet<\/h2>\n\n\n\n<h5 class=\"wp-block-heading\">Merkkien ja lupien hinnat:<\/h5>\n\n\n\n<p>Pyydysmerkit 4 \u20ac\/kpl rajoituksetta<\/p>\n\n\n\n<p>Rapumerkki 1 \u20ac\/kpl, osakkaat vapaa maksusta.<\/p>\n\n\n\n<p>Viehelupa muut kuin osakkaat 20 \u20ac\/kausi. Osakkaat eiv\u00e4t tarvitse viehelupaa.<\/p>\n\n\n\n<p><strong>Pyyntirajoitukset:<\/strong><br>\u00a0<br>Kalastusalueen suositus v\u00e4ltt\u00e4\u00e4 solmuv\u00e4lialueella 31-54 mm tapahtuvaa verkkopyynti\u00e4<br>jatkuu Konnevesi-j\u00e4rvess\u00e4.<br>Samoin suositellaan enint\u00e4\u00e4n kahden alle 35 mm solmuv\u00e4lialueella olevan verkon k\u00e4ytt\u00f6\u00e4<br>rantavesissa tapahtuvassa pyynniss\u00e4.<br>\u00a0<br><strong>Rauhoitusalueet:<\/strong><\/p>\n\n\n\n<p>&#8211; Mieronvirran yl\u00e4puolella kalastus kielletty lukuunottamatta onkimista ja pilkkimist\u00e4, rajatulla alueella Pynn\u00f6l\u00e4nniemi-Mattisaaren pohjoisp\u00e4\u00e4-Matkamiestenniemen etel\u00e4p\u00e4\u00e4.<br>&#8211; Siikakosken yl\u00e4puolella olevassa olevassa kalav\u00e4yl\u00e4ss\u00e4 sallittu vain onginta<br>ja uistelu. My\u00f6skin kalav\u00e4ylien ulkopuoleisessa sulassa verkkopyynti kielletty.<br>&#8211; alueet merkitty maalilla maakiviin ja tauluilla &#8221;rauhoitusalue&#8221;.<\/p>\n\n\n\n<p>Verkkorajoitukset<\/p>\n\n\n\n<p>Ruotoj\u00e4rvi, M\u00e4mmij\u00e4rvi, Kotalampi, Pitk\u00e4j\u00e4rvi, Sirkkalampi, Kolulampi,<br>Salmentauslampi, Lev\u00e4senlampi, Kangaslampi, Ruuhilampi:<br>solmuvali v\u00e4hint\u00e4\u00e4n 45 mm.<\/p>\n","protected":false},"excerpt":{"rendered":"<p>Lupamaksut ja ohjeet Merkkien ja lupien hinnat: Pyydysmerkit 4 \u20ac\/kpl rajoituksetta Rapumerkki 1 \u20ac\/kpl, osakkaat vapaa maksusta. Viehelupa muut kuin osakkaat 20 \u20ac\/kausi. Osakkaat eiv\u00e4t tarvitse viehelupaa. Pyyntirajoitukset:\u00a0Kalastusalueen suositus v\u00e4ltt\u00e4\u00e4 solmuv\u00e4lialueella 31-54 mm tapahtuvaa verkkopyynti\u00e4jatkuu Konnevesi-j\u00e4rvess\u00e4.Samoin suositellaan enint\u00e4\u00e4n kahden alle 35 mm solmuv\u00e4lialueella olevan verkon k\u00e4ytt\u00f6\u00e4rantavesissa tapahtuvassa pyynniss\u00e4.\u00a0Rauhoitusalueet: &#8211; Mieronvirran yl\u00e4puolella kalastus kielletty lukuunottamatta onkimista<\/p>\n<p><a class=\"moretag\" href=\"https:\/\/leppavedenhankasalmenkalatalousalue.fi\/siikakoski\/luvat\/lupamaksut-ja-ohjeet\/\"> Lue lis\u00e4\u00e4 ><\/a><\/p>\n","protected":false},"author":1,"featured_media":0,"parent":45,"menu_order":0,"comment_status":"closed","ping_status":"closed","template":"basic-sivu.php","meta":{"_acf_changed":false,"footnotes":""},"class_list":["post-86","page","type-page","status-publish","hentry"],"acf":[],"yoast_head":"<!-- This site is optimized with the Yoast SEO plugin v27.1.1 - https:\/\/yoast.com\/product\/yoast-seo-wordpress\/ -->\n<title>Lupamaksut ja ohjeet - Siikakosken osakaskunta<\/title>\n<meta name=\"robots\" content=\"index, follow, max-snippet:-1, max-image-preview:large, max-video-preview:-1\" \/>\n<link rel=\"canonical\" href=\"https:\/\/leppavedenhankasalmenkalatalousalue.fi\/siikakoski\/luvat\/lupamaksut-ja-ohjeet\/\" \/>\n<meta property=\"og:locale\" content=\"fi_FI\" \/>\n<meta property=\"og:type\" content=\"article\" \/>\n<meta property=\"og:title\" content=\"Lupamaksut ja ohjeet - Siikakosken osakaskunta\" \/>\n<meta property=\"og:description\" content=\"Lupamaksut ja ohjeet Merkkien ja lupien hinnat: Pyydysmerkit 4 \u20ac\/kpl rajoituksetta Rapumerkki 1 \u20ac\/kpl, osakkaat vapaa maksusta. Viehelupa muut kuin osakkaat 20 \u20ac\/kausi. Osakkaat eiv\u00e4t tarvitse viehelupaa. Pyyntirajoitukset:\u00a0Kalastusalueen suositus v\u00e4ltt\u00e4\u00e4 solmuv\u00e4lialueella 31-54 mm tapahtuvaa verkkopyynti\u00e4jatkuu Konnevesi-j\u00e4rvess\u00e4.Samoin suositellaan enint\u00e4\u00e4n kahden alle 35 mm solmuv\u00e4lialueella olevan verkon k\u00e4ytt\u00f6\u00e4rantavesissa tapahtuvassa pyynniss\u00e4.\u00a0Rauhoitusalueet: &#8211; Mieronvirran yl\u00e4puolella kalastus kielletty lukuunottamatta onkimista Lue lis\u00e4\u00e4 &gt;\" \/>\n<meta property=\"og:url\" content=\"https:\/\/leppavedenhankasalmenkalatalousalue.fi\/siikakoski\/luvat\/lupamaksut-ja-ohjeet\/\" \/>\n<meta property=\"og:site_name\" content=\"Siikakosken osakaskunta\" \/>\n<meta property=\"article:modified_time\" content=\"2021-04-09T08:49:52+00:00\" \/>\n<meta name=\"twitter:card\" content=\"summary_large_image\" \/>\n<meta name=\"twitter:label1\" content=\"Arvioitu lukuaika\" \/>\n\t<meta name=\"twitter:data1\" content=\"1 minuutti\" \/>\n<script type=\"application\/ld+json\" class=\"yoast-schema-graph\">{\"@context\":\"https:\/\/schema.org\",\"@graph\":[{\"@type\":\"WebPage\",\"@id\":\"https:\/\/leppavedenhankasalmenkalatalousalue.fi\/siikakoski\/luvat\/lupamaksut-ja-ohjeet\/\",\"url\":\"https:\/\/leppavedenhankasalmenkalatalousalue.fi\/siikakoski\/luvat\/lupamaksut-ja-ohjeet\/\",\"name\":\"Lupamaksut ja ohjeet - Siikakosken osakaskunta\",\"isPartOf\":{\"@id\":\"https:\/\/leppavedenhankasalmenkalatalousalue.fi\/siikakoski\/#website\"},\"datePublished\":\"2020-10-29T11:39:36+00:00\",\"dateModified\":\"2021-04-09T08:49:52+00:00\",\"breadcrumb\":{\"@id\":\"https:\/\/leppavedenhankasalmenkalatalousalue.fi\/siikakoski\/luvat\/lupamaksut-ja-ohjeet\/#breadcrumb\"},\"inLanguage\":\"fi\",\"potentialAction\":[{\"@type\":\"ReadAction\",\"target\":[\"https:\/\/leppavedenhankasalmenkalatalousalue.fi\/siikakoski\/luvat\/lupamaksut-ja-ohjeet\/\"]}]},{\"@type\":\"BreadcrumbList\",\"@id\":\"https:\/\/leppavedenhankasalmenkalatalousalue.fi\/siikakoski\/luvat\/lupamaksut-ja-ohjeet\/#breadcrumb\",\"itemListElement\":[{\"@type\":\"ListItem\",\"position\":1,\"name\":\"Home\",\"item\":\"https:\/\/leppavedenhankasalmenkalatalousalue.fi\/siikakoski\/\"},{\"@type\":\"ListItem\",\"position\":2,\"name\":\"Yksityinen: Luvat\",\"item\":\"https:\/\/leppavedenhankasalmenkalatalousalue.fi\/siikakoski\/?page_id=45\"},{\"@type\":\"ListItem\",\"position\":3,\"name\":\"Lupamaksut ja ohjeet\"}]},{\"@type\":\"WebSite\",\"@id\":\"https:\/\/leppavedenhankasalmenkalatalousalue.fi\/siikakoski\/#website\",\"url\":\"https:\/\/leppavedenhankasalmenkalatalousalue.fi\/siikakoski\/\",\"name\":\"Siikakosken osakaskunta\",\"description\":\"\",\"potentialAction\":[{\"@type\":\"SearchAction\",\"target\":{\"@type\":\"EntryPoint\",\"urlTemplate\":\"https:\/\/leppavedenhankasalmenkalatalousalue.fi\/siikakoski\/?s={search_term_string}\"},\"query-input\":{\"@type\":\"PropertyValueSpecification\",\"valueRequired\":true,\"valueName\":\"search_term_string\"}}],\"inLanguage\":\"fi\"}]}<\/script>\n<!-- \/ Yoast SEO plugin. -->","yoast_head_json":{"title":"Lupamaksut ja ohjeet - Siikakosken osakaskunta","robots":{"index":"index","follow":"follow","max-snippet":"max-snippet:-1","max-image-preview":"max-image-preview:large","max-video-preview":"max-video-preview:-1"},"canonical":"https:\/\/leppavedenhankasalmenkalatalousalue.fi\/siikakoski\/luvat\/lupamaksut-ja-ohjeet\/","og_locale":"fi_FI","og_type":"article","og_title":"Lupamaksut ja ohjeet - Siikakosken osakaskunta","og_description":"Lupamaksut ja ohjeet Merkkien ja lupien hinnat: Pyydysmerkit 4 \u20ac\/kpl rajoituksetta Rapumerkki 1 \u20ac\/kpl, osakkaat vapaa maksusta. Viehelupa muut kuin osakkaat 20 \u20ac\/kausi. Osakkaat eiv\u00e4t tarvitse viehelupaa. Pyyntirajoitukset:\u00a0Kalastusalueen suositus v\u00e4ltt\u00e4\u00e4 solmuv\u00e4lialueella 31-54 mm tapahtuvaa verkkopyynti\u00e4jatkuu Konnevesi-j\u00e4rvess\u00e4.Samoin suositellaan enint\u00e4\u00e4n kahden alle 35 mm solmuv\u00e4lialueella olevan verkon k\u00e4ytt\u00f6\u00e4rantavesissa tapahtuvassa pyynniss\u00e4.\u00a0Rauhoitusalueet: &#8211; Mieronvirran yl\u00e4puolella kalastus kielletty lukuunottamatta onkimista Lue lis\u00e4\u00e4 >","og_url":"https:\/\/leppavedenhankasalmenkalatalousalue.fi\/siikakoski\/luvat\/lupamaksut-ja-ohjeet\/","og_site_name":"Siikakosken osakaskunta","article_modified_time":"2021-04-09T08:49:52+00:00","twitter_card":"summary_large_image","twitter_misc":{"Arvioitu lukuaika":"1 minuutti"},"schema":{"@context":"https:\/\/schema.org","@graph":[{"@type":"WebPage","@id":"https:\/\/leppavedenhankasalmenkalatalousalue.fi\/siikakoski\/luvat\/lupamaksut-ja-ohjeet\/","url":"https:\/\/leppavedenhankasalmenkalatalousalue.fi\/siikakoski\/luvat\/lupamaksut-ja-ohjeet\/","name":"Lupamaksut ja ohjeet - Siikakosken osakaskunta","isPartOf":{"@id":"https:\/\/leppavedenhankasalmenkalatalousalue.fi\/siikakoski\/#website"},"datePublished":"2020-10-29T11:39:36+00:00","dateModified":"2021-04-09T08:49:52+00:00","breadcrumb":{"@id":"https:\/\/leppavedenhankasalmenkalatalousalue.fi\/siikakoski\/luvat\/lupamaksut-ja-ohjeet\/#breadcrumb"},"inLanguage":"fi","potentialAction":[{"@type":"ReadAction","target":["https:\/\/leppavedenhankasalmenkalatalousalue.fi\/siikakoski\/luvat\/lupamaksut-ja-ohjeet\/"]}]},{"@type":"BreadcrumbList","@id":"https:\/\/leppavedenhankasalmenkalatalousalue.fi\/siikakoski\/luvat\/lupamaksut-ja-ohjeet\/#breadcrumb","itemListElement":[{"@type":"ListItem","position":1,"name":"Home","item":"https:\/\/leppavedenhankasalmenkalatalousalue.fi\/siikakoski\/"},{"@type":"ListItem","position":2,"name":"Yksityinen: Luvat","item":"https:\/\/leppavedenhankasalmenkalatalousalue.fi\/siikakoski\/?page_id=45"},{"@type":"ListItem","position":3,"name":"Lupamaksut ja ohjeet"}]},{"@type":"WebSite","@id":"https:\/\/leppavedenhankasalmenkalatalousalue.fi\/siikakoski\/#website","url":"https:\/\/leppavedenhankasalmenkalatalousalue.fi\/siikakoski\/","name":"Siikakosken osakaskunta","description":"","potentialAction":[{"@type":"SearchAction","target":{"@type":"EntryPoint","urlTemplate":"https:\/\/leppavedenhankasalmenkalatalousalue.fi\/siikakoski\/?s={search_term_string}"},"query-input":{"@type":"PropertyValueSpecification","valueRequired":true,"valueName":"search_term_string"}}],"inLanguage":"fi"}]}},"_links":{"self":[{"href":"https:\/\/leppavedenhankasalmenkalatalousalue.fi\/siikakoski\/wp-json\/wp\/v2\/pages\/86","targetHints":{"allow":["GET"]}}],"collection":[{"href":"https:\/\/leppavedenhankasalmenkalatalousalue.fi\/siikakoski\/wp-json\/wp\/v2\/pages"}],"about":[{"href":"https:\/\/leppavedenhankasalmenkalatalousalue.fi\/siikakoski\/wp-json\/wp\/v2\/types\/page"}],"author":[{"embeddable":true,"href":"https:\/\/leppavedenhankasalmenkalatalousalue.fi\/siikakoski\/wp-json\/wp\/v2\/users\/1"}],"replies":[{"embeddable":true,"href":"https:\/\/leppavedenhankasalmenkalatalousalue.fi\/siikakoski\/wp-json\/wp\/v2\/comments?post=86"}],"version-history":[{"count":7,"href":"https:\/\/leppavedenhankasalmenkalatalousalue.fi\/siikakoski\/wp-json\/wp\/v2\/pages\/86\/revisions"}],"predecessor-version":[{"id":244,"href":"https:\/\/leppavedenhankasalmenkalatalousalue.fi\/siikakoski\/wp-json\/wp\/v2\/pages\/86\/revisions\/244"}],"up":[{"embeddable":true,"href":"https:\/\/leppavedenhankasalmenkalatalousalue.fi\/siikakoski\/wp-json\/wp\/v2\/pages\/45"}],"wp:attachment":[{"href":"https:\/\/leppavedenhankasalmenkalatalousalue.fi\/siikakoski\/wp-json\/wp\/v2\/media?parent=86"}],"curies":[{"name":"wp","href":"https:\/\/api.w.org\/{rel}","templated":true}]}}