{"id":86,"date":"2020-10-29T11:39:36","date_gmt":"2020-10-29T11:39:36","guid":{"rendered":"http:\/\/89.166.51.80\/~leppaveden\/laitjarven-osakaskunta\/?page_id=86"},"modified":"2021-11-27T08:13:49","modified_gmt":"2021-11-27T08:13:49","slug":"lupamaksut-ja-ohjeet","status":"publish","type":"page","link":"https:\/\/leppavedenhankasalmenkalatalousalue.fi\/toivakka\/luvat\/lupamaksut-ja-ohjeet\/","title":{"rendered":"Lupamaksut ja ohjeet"},"content":{"rendered":"\n<h2 class=\"wp-block-heading\">Lupamaksut ja ohjeet<\/h2>\n\n\n\n<p>Pyydysten merkitsemisest\u00e4 noudatetaan annettua asetusta.<\/p>\n\n\n\n<p>\u00a0\u00a0\u00a0\u00a0\u00a0\u00a0\u00a0\u00a0\u00a0 <br><strong>Pyydysmaksut, osakaskunnan osakkaat:<\/strong><br>Pyydysmerkki, osakas 10\u20ac\/kpl.\u00a0<br>Jokilupa, osakas vuosihinta 30 \u20ac\/ vuosi.<br>Viehelupa, osakas 10 \u20ac \/vuosi\/ vapa (yksi uistin vavassa)<br>Katiska, osakkaille ilmainen, merkattava pyydykseen yhteistiedot.<\/p>\n\n\n\n<p><\/p>\n\n\n\n<p><strong>Pyydysmaksut, osakaskunnan ulkopuoliset:<br><\/strong>Pyydysmerkki, 10e\/kpl, enint\u00e4\u00e4n 6 kpl pyydysmerkki\u00e4\/ henkil\u00f6.<br>Jokilupa, vuosihinta 50 \u20ac \/ vuosi.<br>Viehelupa, 10 \u20ac \/vuosi\/vapa<\/p>\n\n\n\n<p><\/p>\n\n\n\n<p><strong>Pyynti- ja pyydysrajoituksista:<\/strong><br>Lepp\u00e4vedell\u00e4 kiellet\u00e4\u00e4n alle 54mm:n solmuv\u00e4lin verkon k\u00e4ytt\u00f6 1.12.2021-3004.2022 v\u00e4lisen\u00e4 aikana. <br>Hirvij\u00e4rvell\u00e4 kiellet\u00e4\u00e4n alle 40 mm solmuv\u00e4lin verkon k\u00e4ytt\u00f6 1.12.2021-30.04.2022 v\u00e4lisen\u00e4 aikana.<br>Palosj\u00e4rvell\u00e4 kiellet\u00e4\u00e4n 28-40mm solmuv\u00e4lin verkon k\u00e4ytt\u00f6  1.12.2021-30.04.2022 v\u00e4lisen\u00e4 aikana.<br>Jokikalastukseen vieheeksi yksi kolmihaarakoukku.<br><br><\/p>\n\n\n\n<p><strong>Merkkim\u00e4\u00e4r\u00e4\/ pyydys<\/strong>:<\/p>\n\n\n\n<figure class=\"wp-block-table is-style-regular\"><table class=\"has-fixed-layout\"><tbody><tr><td>Verkko (3m tai alle x 30m)<\/td><td> 1 Pyydysmerkki<\/td><\/tr><tr><td>Verkko (yli 3m x 30m)<\/td><td> 2 Pyydysmerkki\u00e4                                                        <\/td><\/tr><tr><td>Katiska<\/td><td> 1 Pyydysmerkki <\/td><\/tr><tr><td>Pitk\u00e4siima<\/td><td> 5 Pyydysmerkki\u00e4 <\/td><\/tr><tr><td>Rys\u00e4, korkeus alle 2m<\/td><td> 2 Pyydysmerkki\u00e4 <\/td><\/tr><tr><td>Rys\u00e4, korkeus yli 2m<\/td><td> 4 Pyydysmerkki\u00e4 <\/td><\/tr><tr><td>Avorys\u00e4 ja paunetti<\/td><td> 20 Pyydysmerkki\u00e4 <\/td><\/tr><tr><td>Pystymerta, merta<\/td><td> 1 Pyydysmerkki  <\/td><\/tr><tr><td>Tuulastus<\/td><td> 1 Pyydysmerkki  <\/td><\/tr><tr><td>Uistin ja perho (j\u00e4rvialue)<\/td><td> 1 Pyydysmerkki  <\/td><\/tr><tr><td>Kaikenlaiset koukut (5kpl)<\/td><td> 1 Pyydysmerkki <\/td><\/tr><tr><td>Nuotta<\/td><td> 20 Pyydysmerkki\u00e4 <\/td><\/tr><tr><td>Rapumerta<\/td><td> 1 Pyydysmerkki  <\/td><\/tr><\/tbody><\/table><\/figure>\n\n\n\n<p><\/p>\n","protected":false},"excerpt":{"rendered":"<p>Lupamaksut ja ohjeet Pyydysten merkitsemisest\u00e4 noudatetaan annettua asetusta. \u00a0\u00a0\u00a0\u00a0\u00a0\u00a0\u00a0\u00a0\u00a0 Pyydysmaksut, osakaskunnan osakkaat:Pyydysmerkki, osakas 10\u20ac\/kpl.\u00a0Jokilupa, osakas vuosihinta 30 \u20ac\/ vuosi.Viehelupa, osakas 10 \u20ac \/vuosi\/ vapa (yksi uistin vavassa)Katiska, osakkaille ilmainen, merkattava pyydykseen yhteistiedot. Pyydysmaksut, osakaskunnan ulkopuoliset:Pyydysmerkki, 10e\/kpl, enint\u00e4\u00e4n 6 kpl pyydysmerkki\u00e4\/ henkil\u00f6.Jokilupa, vuosihinta 50 \u20ac \/ vuosi.Viehelupa, 10 \u20ac \/vuosi\/vapa Pyynti- ja pyydysrajoituksista:Lepp\u00e4vedell\u00e4 kiellet\u00e4\u00e4n alle 54mm:n<\/p>\n<p><a class=\"moretag\" href=\"https:\/\/leppavedenhankasalmenkalatalousalue.fi\/toivakka\/luvat\/lupamaksut-ja-ohjeet\/\"> Lue lis\u00e4\u00e4 ><\/a><\/p>\n","protected":false},"author":1,"featured_media":0,"parent":45,"menu_order":0,"comment_status":"closed","ping_status":"closed","template":"basic-sivu.php","meta":{"_acf_changed":false,"footnotes":""},"class_list":["post-86","page","type-page","status-publish","hentry"],"acf":[],"yoast_head":"<!-- This site is optimized with the Yoast SEO plugin v27.1.1 - https:\/\/yoast.com\/product\/yoast-seo-wordpress\/ -->\n<title>Lupamaksut ja ohjeet - Toivakan osakaskunta<\/title>\n<meta name=\"robots\" content=\"index, follow, max-snippet:-1, max-image-preview:large, max-video-preview:-1\" \/>\n<link rel=\"canonical\" href=\"https:\/\/leppavedenhankasalmenkalatalousalue.fi\/toivakka\/luvat\/lupamaksut-ja-ohjeet\/\" \/>\n<meta property=\"og:locale\" content=\"fi_FI\" \/>\n<meta property=\"og:type\" content=\"article\" \/>\n<meta property=\"og:title\" content=\"Lupamaksut ja ohjeet - Toivakan osakaskunta\" \/>\n<meta property=\"og:description\" content=\"Lupamaksut ja ohjeet Pyydysten merkitsemisest\u00e4 noudatetaan annettua asetusta. \u00a0\u00a0\u00a0\u00a0\u00a0\u00a0\u00a0\u00a0\u00a0 Pyydysmaksut, osakaskunnan osakkaat:Pyydysmerkki, osakas 10\u20ac\/kpl.\u00a0Jokilupa, osakas vuosihinta 30 \u20ac\/ vuosi.Viehelupa, osakas 10 \u20ac \/vuosi\/ vapa (yksi uistin vavassa)Katiska, osakkaille ilmainen, merkattava pyydykseen yhteistiedot. Pyydysmaksut, osakaskunnan ulkopuoliset:Pyydysmerkki, 10e\/kpl, enint\u00e4\u00e4n 6 kpl pyydysmerkki\u00e4\/ henkil\u00f6.Jokilupa, vuosihinta 50 \u20ac \/ vuosi.Viehelupa, 10 \u20ac \/vuosi\/vapa Pyynti- ja pyydysrajoituksista:Lepp\u00e4vedell\u00e4 kiellet\u00e4\u00e4n alle 54mm:n Lue lis\u00e4\u00e4 &gt;\" \/>\n<meta property=\"og:url\" content=\"https:\/\/leppavedenhankasalmenkalatalousalue.fi\/toivakka\/luvat\/lupamaksut-ja-ohjeet\/\" \/>\n<meta property=\"og:site_name\" content=\"Toivakan osakaskunta\" \/>\n<meta property=\"article:modified_time\" content=\"2021-11-27T08:13:49+00:00\" \/>\n<meta name=\"twitter:card\" content=\"summary_large_image\" \/>\n<meta name=\"twitter:label1\" content=\"Arvioitu lukuaika\" \/>\n\t<meta name=\"twitter:data1\" content=\"1 minuutti\" \/>\n<script type=\"application\/ld+json\" class=\"yoast-schema-graph\">{\"@context\":\"https:\/\/schema.org\",\"@graph\":[{\"@type\":\"WebPage\",\"@id\":\"https:\/\/leppavedenhankasalmenkalatalousalue.fi\/toivakka\/luvat\/lupamaksut-ja-ohjeet\/\",\"url\":\"https:\/\/leppavedenhankasalmenkalatalousalue.fi\/toivakka\/luvat\/lupamaksut-ja-ohjeet\/\",\"name\":\"Lupamaksut ja ohjeet - Toivakan osakaskunta\",\"isPartOf\":{\"@id\":\"https:\/\/leppavedenhankasalmenkalatalousalue.fi\/toivakka\/#website\"},\"datePublished\":\"2020-10-29T11:39:36+00:00\",\"dateModified\":\"2021-11-27T08:13:49+00:00\",\"breadcrumb\":{\"@id\":\"https:\/\/leppavedenhankasalmenkalatalousalue.fi\/toivakka\/luvat\/lupamaksut-ja-ohjeet\/#breadcrumb\"},\"inLanguage\":\"fi\",\"potentialAction\":[{\"@type\":\"ReadAction\",\"target\":[\"https:\/\/leppavedenhankasalmenkalatalousalue.fi\/toivakka\/luvat\/lupamaksut-ja-ohjeet\/\"]}]},{\"@type\":\"BreadcrumbList\",\"@id\":\"https:\/\/leppavedenhankasalmenkalatalousalue.fi\/toivakka\/luvat\/lupamaksut-ja-ohjeet\/#breadcrumb\",\"itemListElement\":[{\"@type\":\"ListItem\",\"position\":1,\"name\":\"Home\",\"item\":\"https:\/\/leppavedenhankasalmenkalatalousalue.fi\/toivakka\/\"},{\"@type\":\"ListItem\",\"position\":2,\"name\":\"Yksityinen: Luvat\",\"item\":\"https:\/\/leppavedenhankasalmenkalatalousalue.fi\/toivakka\/?page_id=45\"},{\"@type\":\"ListItem\",\"position\":3,\"name\":\"Lupamaksut ja ohjeet\"}]},{\"@type\":\"WebSite\",\"@id\":\"https:\/\/leppavedenhankasalmenkalatalousalue.fi\/toivakka\/#website\",\"url\":\"https:\/\/leppavedenhankasalmenkalatalousalue.fi\/toivakka\/\",\"name\":\"Toivakan osakaskunta\",\"description\":\"\",\"potentialAction\":[{\"@type\":\"SearchAction\",\"target\":{\"@type\":\"EntryPoint\",\"urlTemplate\":\"https:\/\/leppavedenhankasalmenkalatalousalue.fi\/toivakka\/?s={search_term_string}\"},\"query-input\":{\"@type\":\"PropertyValueSpecification\",\"valueRequired\":true,\"valueName\":\"search_term_string\"}}],\"inLanguage\":\"fi\"}]}<\/script>\n<!-- \/ Yoast SEO plugin. -->","yoast_head_json":{"title":"Lupamaksut ja ohjeet - Toivakan osakaskunta","robots":{"index":"index","follow":"follow","max-snippet":"max-snippet:-1","max-image-preview":"max-image-preview:large","max-video-preview":"max-video-preview:-1"},"canonical":"https:\/\/leppavedenhankasalmenkalatalousalue.fi\/toivakka\/luvat\/lupamaksut-ja-ohjeet\/","og_locale":"fi_FI","og_type":"article","og_title":"Lupamaksut ja ohjeet - Toivakan osakaskunta","og_description":"Lupamaksut ja ohjeet Pyydysten merkitsemisest\u00e4 noudatetaan annettua asetusta. \u00a0\u00a0\u00a0\u00a0\u00a0\u00a0\u00a0\u00a0\u00a0 Pyydysmaksut, osakaskunnan osakkaat:Pyydysmerkki, osakas 10\u20ac\/kpl.\u00a0Jokilupa, osakas vuosihinta 30 \u20ac\/ vuosi.Viehelupa, osakas 10 \u20ac \/vuosi\/ vapa (yksi uistin vavassa)Katiska, osakkaille ilmainen, merkattava pyydykseen yhteistiedot. Pyydysmaksut, osakaskunnan ulkopuoliset:Pyydysmerkki, 10e\/kpl, enint\u00e4\u00e4n 6 kpl pyydysmerkki\u00e4\/ henkil\u00f6.Jokilupa, vuosihinta 50 \u20ac \/ vuosi.Viehelupa, 10 \u20ac \/vuosi\/vapa Pyynti- ja pyydysrajoituksista:Lepp\u00e4vedell\u00e4 kiellet\u00e4\u00e4n alle 54mm:n Lue lis\u00e4\u00e4 >","og_url":"https:\/\/leppavedenhankasalmenkalatalousalue.fi\/toivakka\/luvat\/lupamaksut-ja-ohjeet\/","og_site_name":"Toivakan osakaskunta","article_modified_time":"2021-11-27T08:13:49+00:00","twitter_card":"summary_large_image","twitter_misc":{"Arvioitu lukuaika":"1 minuutti"},"schema":{"@context":"https:\/\/schema.org","@graph":[{"@type":"WebPage","@id":"https:\/\/leppavedenhankasalmenkalatalousalue.fi\/toivakka\/luvat\/lupamaksut-ja-ohjeet\/","url":"https:\/\/leppavedenhankasalmenkalatalousalue.fi\/toivakka\/luvat\/lupamaksut-ja-ohjeet\/","name":"Lupamaksut ja ohjeet - Toivakan osakaskunta","isPartOf":{"@id":"https:\/\/leppavedenhankasalmenkalatalousalue.fi\/toivakka\/#website"},"datePublished":"2020-10-29T11:39:36+00:00","dateModified":"2021-11-27T08:13:49+00:00","breadcrumb":{"@id":"https:\/\/leppavedenhankasalmenkalatalousalue.fi\/toivakka\/luvat\/lupamaksut-ja-ohjeet\/#breadcrumb"},"inLanguage":"fi","potentialAction":[{"@type":"ReadAction","target":["https:\/\/leppavedenhankasalmenkalatalousalue.fi\/toivakka\/luvat\/lupamaksut-ja-ohjeet\/"]}]},{"@type":"BreadcrumbList","@id":"https:\/\/leppavedenhankasalmenkalatalousalue.fi\/toivakka\/luvat\/lupamaksut-ja-ohjeet\/#breadcrumb","itemListElement":[{"@type":"ListItem","position":1,"name":"Home","item":"https:\/\/leppavedenhankasalmenkalatalousalue.fi\/toivakka\/"},{"@type":"ListItem","position":2,"name":"Yksityinen: Luvat","item":"https:\/\/leppavedenhankasalmenkalatalousalue.fi\/toivakka\/?page_id=45"},{"@type":"ListItem","position":3,"name":"Lupamaksut ja ohjeet"}]},{"@type":"WebSite","@id":"https:\/\/leppavedenhankasalmenkalatalousalue.fi\/toivakka\/#website","url":"https:\/\/leppavedenhankasalmenkalatalousalue.fi\/toivakka\/","name":"Toivakan osakaskunta","description":"","potentialAction":[{"@type":"SearchAction","target":{"@type":"EntryPoint","urlTemplate":"https:\/\/leppavedenhankasalmenkalatalousalue.fi\/toivakka\/?s={search_term_string}"},"query-input":{"@type":"PropertyValueSpecification","valueRequired":true,"valueName":"search_term_string"}}],"inLanguage":"fi"}]}},"_links":{"self":[{"href":"https:\/\/leppavedenhankasalmenkalatalousalue.fi\/toivakka\/wp-json\/wp\/v2\/pages\/86","targetHints":{"allow":["GET"]}}],"collection":[{"href":"https:\/\/leppavedenhankasalmenkalatalousalue.fi\/toivakka\/wp-json\/wp\/v2\/pages"}],"about":[{"href":"https:\/\/leppavedenhankasalmenkalatalousalue.fi\/toivakka\/wp-json\/wp\/v2\/types\/page"}],"author":[{"embeddable":true,"href":"https:\/\/leppavedenhankasalmenkalatalousalue.fi\/toivakka\/wp-json\/wp\/v2\/users\/1"}],"replies":[{"embeddable":true,"href":"https:\/\/leppavedenhankasalmenkalatalousalue.fi\/toivakka\/wp-json\/wp\/v2\/comments?post=86"}],"version-history":[{"count":9,"href":"https:\/\/leppavedenhankasalmenkalatalousalue.fi\/toivakka\/wp-json\/wp\/v2\/pages\/86\/revisions"}],"predecessor-version":[{"id":284,"href":"https:\/\/leppavedenhankasalmenkalatalousalue.fi\/toivakka\/wp-json\/wp\/v2\/pages\/86\/revisions\/284"}],"up":[{"embeddable":true,"href":"https:\/\/leppavedenhankasalmenkalatalousalue.fi\/toivakka\/wp-json\/wp\/v2\/pages\/45"}],"wp:attachment":[{"href":"https:\/\/leppavedenhankasalmenkalatalousalue.fi\/toivakka\/wp-json\/wp\/v2\/media?parent=86"}],"curies":[{"name":"wp","href":"https:\/\/api.w.org\/{rel}","templated":true}]}}