{"id":2,"date":"2020-10-22T07:32:51","date_gmt":"2020-10-22T07:32:51","guid":{"rendered":"http:\/\/89.166.51.80\/~leppaveden\/hameenmaen-osakaskunta\/?page_id=2"},"modified":"2024-04-08T18:04:46","modified_gmt":"2024-04-08T18:04:46","slug":"etusivu","status":"publish","type":"page","link":"https:\/\/leppavedenhankasalmenkalatalousalue.fi\/vatia\/","title":{"rendered":"Etusivu"},"content":{"rendered":"\n<h2 class=\"wp-block-heading\">Tervetuloa Vatian&nbsp;osakaskuntaan<\/h2>\n\n\n\n<h3 class=\"wp-block-heading\" id=\"h.pyrfq01thlla_l\">Vatian osakaskunnan teht\u00e4v\u00e4<\/h3>\n\n\n\n<p>Vatian osakaskunnan teht\u00e4v\u00e4n\u00e4 on huolehtia osakaskunnalle kuuluvan yhteisen alueen hallinnosta ja aluetta koskevien asioiden hoidosta. Osakaskunta j\u00e4rjest\u00e4\u00e4 kalastuksen Vatian osakaskunnan kalavarojen k\u00e4ytt\u00f6- ja hoitosuunnitelman mukaisesti. T\u00e4ll\u00e4 pyrit\u00e4\u00e4n turvaaman kalavarojen kest\u00e4v\u00e4 ja monipuolinen tuotto, kalakantojen luontainen elinkierto sek\u00e4 kalavarojen ja muun vesiluonnon monimuotoisuus ja suojeluhallinnoimilla vesialueilla. Vatian osakaskunnan teht\u00e4v\u00e4n\u00e4 on my\u00f6s varmistaa mets\u00e4styksen harjoittaminen mets\u00e4styslain yleisten vaatimusten mukaisesti niin, ett\u00e4 mets\u00e4styst\u00e4 on harjoitettava kest\u00e4v\u00e4n k\u00e4yt\u00f6n periaatteiden mukaisesti ja siten, ett\u00e4 riistael\u00e4inkannat eiv\u00e4t vaarannu, luontoa ei vahingoiteta tarpeettomasti, riistakantaa ei vaaranneta eik\u00e4 el\u00e4imille tuoteta tarpeetonta k\u00e4rsimyst\u00e4. Riistael\u00e4inkantojen tuoton jatkuvuus on pyrit\u00e4\u00e4n turvaamaan tarkoituksenmukaisella riistanhoidolla. Mets\u00e4styksen hallinnoinnilla pyrit\u00e4\u00e4n varmistamaan aiheeton vaaran tuottaminen ihmiselle tai toisen omaisuudelle.<\/p>\n\n\n\n<h3 class=\"wp-block-heading\">Historiaa<\/h3>\n\n\n\n<p>Vatian kalastuskunta (nyk. osakaskunta) on perustettu 11.12.1964. Sen s\u00e4\u00e4nn\u00f6t vahvistettin 19.2.1965 ja ensimm\u00e4inen kalastuskunnan kokous pidettiin Vatialla 21.3.1965. Vatian osakaskunta on toiminut siis jo yli puolivuosisataa. Ajan saatossa Vatian j\u00e4rvest\u00e4 on tullut osa Keiteleen kanavaa, joka yhdist\u00e4\u00e4 P\u00e4ij\u00e4nteen ja Keiteleen vesist\u00f6t. Vatian osakaskunnan historia sis\u00e4lt\u00e4\u00e4 my\u00f6s monia eri kalastusta, mets\u00e4styst\u00e4 ja yhteisi\u00e4 alueita koskevia lakimuutoksia, joita my\u00f6s EU:n liittyminen on tuonut tullessaan. Vatian osakaskunnan vesialueet ovat kuitenkin pysyneet yhteisess\u00e4 k\u00e4yt\u00f6ss\u00e4 ja ne tarjoavat edelleen tavan nauttia maisemista, kalastuksesta, mets\u00e4styksest\u00e4 tai muusta virkistysk\u00e4yt\u00f6st\u00e4. Se on my\u00f6s yhdist\u00e4nyt ihmisi\u00e4 hoitamaan yhteisi\u00e4 asioita. Vatian osakaskunta p\u00e4ivitti s\u00e4\u00e4nn\u00f6t vuonna 2022 vastaamaan nykyist\u00e4 lains\u00e4\u00e4d\u00e4nt\u00f6\u00e4 ja samalla se siirtyi palvelemaan Vatian osakaskunnan ja vuokrattujen vesialueiden osakkaita digitaalisesti. Vatian osakaskunta hallinnoi seitsem\u00e4n muun j\u00e4rjest\u00e4ytym\u00e4tt\u00f6m\u00e4n osakaskunnan vesialueita vuokrasopimuksin. <\/p>\n\n\n\n<p><\/p>\n\n\n","protected":false},"excerpt":{"rendered":"<p>Tervetuloa Vatian&nbsp;osakaskuntaan Vatian osakaskunnan teht\u00e4v\u00e4 Vatian osakaskunnan teht\u00e4v\u00e4n\u00e4 on huolehtia osakaskunnalle kuuluvan yhteisen alueen hallinnosta ja aluetta koskevien asioiden hoidosta. Osakaskunta j\u00e4rjest\u00e4\u00e4 kalastuksen Vatian osakaskunnan kalavarojen k\u00e4ytt\u00f6- ja hoitosuunnitelman mukaisesti. T\u00e4ll\u00e4 pyrit\u00e4\u00e4n turvaaman kalavarojen kest\u00e4v\u00e4 ja monipuolinen tuotto, kalakantojen luontainen elinkierto sek\u00e4 kalavarojen ja muun vesiluonnon monimuotoisuus ja suojeluhallinnoimilla vesialueilla. Vatian osakaskunnan teht\u00e4v\u00e4n\u00e4 on my\u00f6s<\/p>\n<p><a class=\"moretag\" href=\"https:\/\/leppavedenhankasalmenkalatalousalue.fi\/vatia\/\"> Lue lis\u00e4\u00e4 ><\/a><\/p>\n","protected":false},"author":51,"featured_media":0,"parent":0,"menu_order":0,"comment_status":"closed","ping_status":"closed","template":"","meta":{"_acf_changed":false,"footnotes":""},"class_list":["post-2","page","type-page","status-publish","hentry"],"acf":[],"yoast_head":"<!-- This site is optimized with the Yoast SEO plugin v27.1.1 - https:\/\/yoast.com\/product\/yoast-seo-wordpress\/ -->\n<title>Etusivu - Vatian osakaskunta<\/title>\n<meta name=\"robots\" content=\"index, follow, max-snippet:-1, max-image-preview:large, max-video-preview:-1\" \/>\n<link rel=\"canonical\" href=\"https:\/\/leppavedenhankasalmenkalatalousalue.fi\/vatia\/\" \/>\n<meta property=\"og:locale\" content=\"fi_FI\" \/>\n<meta property=\"og:type\" content=\"article\" \/>\n<meta property=\"og:title\" content=\"Etusivu - Vatian osakaskunta\" \/>\n<meta property=\"og:description\" content=\"Tervetuloa Vatian&nbsp;osakaskuntaan Vatian osakaskunnan teht\u00e4v\u00e4 Vatian osakaskunnan teht\u00e4v\u00e4n\u00e4 on huolehtia osakaskunnalle kuuluvan yhteisen alueen hallinnosta ja aluetta koskevien asioiden hoidosta. Osakaskunta j\u00e4rjest\u00e4\u00e4 kalastuksen Vatian osakaskunnan kalavarojen k\u00e4ytt\u00f6- ja hoitosuunnitelman mukaisesti. T\u00e4ll\u00e4 pyrit\u00e4\u00e4n turvaaman kalavarojen kest\u00e4v\u00e4 ja monipuolinen tuotto, kalakantojen luontainen elinkierto sek\u00e4 kalavarojen ja muun vesiluonnon monimuotoisuus ja suojeluhallinnoimilla vesialueilla. Vatian osakaskunnan teht\u00e4v\u00e4n\u00e4 on my\u00f6s Lue lis\u00e4\u00e4 &gt;\" \/>\n<meta property=\"og:url\" content=\"https:\/\/leppavedenhankasalmenkalatalousalue.fi\/vatia\/\" \/>\n<meta property=\"og:site_name\" content=\"Vatian osakaskunta\" \/>\n<meta property=\"article:modified_time\" content=\"2024-04-08T18:04:46+00:00\" \/>\n<meta name=\"twitter:card\" content=\"summary_large_image\" \/>\n<meta name=\"twitter:label1\" content=\"Arvioitu lukuaika\" \/>\n\t<meta name=\"twitter:data1\" content=\"2 minuuttia\" \/>\n<script type=\"application\/ld+json\" class=\"yoast-schema-graph\">{\"@context\":\"https:\/\/schema.org\",\"@graph\":[{\"@type\":\"WebPage\",\"@id\":\"https:\/\/leppavedenhankasalmenkalatalousalue.fi\/vatia\/\",\"url\":\"https:\/\/leppavedenhankasalmenkalatalousalue.fi\/vatia\/\",\"name\":\"Etusivu - Vatian osakaskunta\",\"isPartOf\":{\"@id\":\"https:\/\/leppavedenhankasalmenkalatalousalue.fi\/vatia\/#website\"},\"datePublished\":\"2020-10-22T07:32:51+00:00\",\"dateModified\":\"2024-04-08T18:04:46+00:00\",\"breadcrumb\":{\"@id\":\"https:\/\/leppavedenhankasalmenkalatalousalue.fi\/vatia\/#breadcrumb\"},\"inLanguage\":\"fi\",\"potentialAction\":[{\"@type\":\"ReadAction\",\"target\":[\"https:\/\/leppavedenhankasalmenkalatalousalue.fi\/vatia\/\"]}]},{\"@type\":\"BreadcrumbList\",\"@id\":\"https:\/\/leppavedenhankasalmenkalatalousalue.fi\/vatia\/#breadcrumb\",\"itemListElement\":[{\"@type\":\"ListItem\",\"position\":1,\"name\":\"Home\",\"item\":\"https:\/\/leppavedenhankasalmenkalatalousalue.fi\/vatia\/\"},{\"@type\":\"ListItem\",\"position\":2,\"name\":\"Etusivu\"}]},{\"@type\":\"WebSite\",\"@id\":\"https:\/\/leppavedenhankasalmenkalatalousalue.fi\/vatia\/#website\",\"url\":\"https:\/\/leppavedenhankasalmenkalatalousalue.fi\/vatia\/\",\"name\":\"Vatian osakaskunta\",\"description\":\"\",\"potentialAction\":[{\"@type\":\"SearchAction\",\"target\":{\"@type\":\"EntryPoint\",\"urlTemplate\":\"https:\/\/leppavedenhankasalmenkalatalousalue.fi\/vatia\/?s={search_term_string}\"},\"query-input\":{\"@type\":\"PropertyValueSpecification\",\"valueRequired\":true,\"valueName\":\"search_term_string\"}}],\"inLanguage\":\"fi\"}]}<\/script>\n<!-- \/ Yoast SEO plugin. -->","yoast_head_json":{"title":"Etusivu - Vatian osakaskunta","robots":{"index":"index","follow":"follow","max-snippet":"max-snippet:-1","max-image-preview":"max-image-preview:large","max-video-preview":"max-video-preview:-1"},"canonical":"https:\/\/leppavedenhankasalmenkalatalousalue.fi\/vatia\/","og_locale":"fi_FI","og_type":"article","og_title":"Etusivu - Vatian osakaskunta","og_description":"Tervetuloa Vatian&nbsp;osakaskuntaan Vatian osakaskunnan teht\u00e4v\u00e4 Vatian osakaskunnan teht\u00e4v\u00e4n\u00e4 on huolehtia osakaskunnalle kuuluvan yhteisen alueen hallinnosta ja aluetta koskevien asioiden hoidosta. Osakaskunta j\u00e4rjest\u00e4\u00e4 kalastuksen Vatian osakaskunnan kalavarojen k\u00e4ytt\u00f6- ja hoitosuunnitelman mukaisesti. T\u00e4ll\u00e4 pyrit\u00e4\u00e4n turvaaman kalavarojen kest\u00e4v\u00e4 ja monipuolinen tuotto, kalakantojen luontainen elinkierto sek\u00e4 kalavarojen ja muun vesiluonnon monimuotoisuus ja suojeluhallinnoimilla vesialueilla. Vatian osakaskunnan teht\u00e4v\u00e4n\u00e4 on my\u00f6s Lue lis\u00e4\u00e4 >","og_url":"https:\/\/leppavedenhankasalmenkalatalousalue.fi\/vatia\/","og_site_name":"Vatian osakaskunta","article_modified_time":"2024-04-08T18:04:46+00:00","twitter_card":"summary_large_image","twitter_misc":{"Arvioitu lukuaika":"2 minuuttia"},"schema":{"@context":"https:\/\/schema.org","@graph":[{"@type":"WebPage","@id":"https:\/\/leppavedenhankasalmenkalatalousalue.fi\/vatia\/","url":"https:\/\/leppavedenhankasalmenkalatalousalue.fi\/vatia\/","name":"Etusivu - Vatian osakaskunta","isPartOf":{"@id":"https:\/\/leppavedenhankasalmenkalatalousalue.fi\/vatia\/#website"},"datePublished":"2020-10-22T07:32:51+00:00","dateModified":"2024-04-08T18:04:46+00:00","breadcrumb":{"@id":"https:\/\/leppavedenhankasalmenkalatalousalue.fi\/vatia\/#breadcrumb"},"inLanguage":"fi","potentialAction":[{"@type":"ReadAction","target":["https:\/\/leppavedenhankasalmenkalatalousalue.fi\/vatia\/"]}]},{"@type":"BreadcrumbList","@id":"https:\/\/leppavedenhankasalmenkalatalousalue.fi\/vatia\/#breadcrumb","itemListElement":[{"@type":"ListItem","position":1,"name":"Home","item":"https:\/\/leppavedenhankasalmenkalatalousalue.fi\/vatia\/"},{"@type":"ListItem","position":2,"name":"Etusivu"}]},{"@type":"WebSite","@id":"https:\/\/leppavedenhankasalmenkalatalousalue.fi\/vatia\/#website","url":"https:\/\/leppavedenhankasalmenkalatalousalue.fi\/vatia\/","name":"Vatian osakaskunta","description":"","potentialAction":[{"@type":"SearchAction","target":{"@type":"EntryPoint","urlTemplate":"https:\/\/leppavedenhankasalmenkalatalousalue.fi\/vatia\/?s={search_term_string}"},"query-input":{"@type":"PropertyValueSpecification","valueRequired":true,"valueName":"search_term_string"}}],"inLanguage":"fi"}]}},"_links":{"self":[{"href":"https:\/\/leppavedenhankasalmenkalatalousalue.fi\/vatia\/wp-json\/wp\/v2\/pages\/2","targetHints":{"allow":["GET"]}}],"collection":[{"href":"https:\/\/leppavedenhankasalmenkalatalousalue.fi\/vatia\/wp-json\/wp\/v2\/pages"}],"about":[{"href":"https:\/\/leppavedenhankasalmenkalatalousalue.fi\/vatia\/wp-json\/wp\/v2\/types\/page"}],"author":[{"embeddable":true,"href":"https:\/\/leppavedenhankasalmenkalatalousalue.fi\/vatia\/wp-json\/wp\/v2\/users\/51"}],"replies":[{"embeddable":true,"href":"https:\/\/leppavedenhankasalmenkalatalousalue.fi\/vatia\/wp-json\/wp\/v2\/comments?post=2"}],"version-history":[{"count":44,"href":"https:\/\/leppavedenhankasalmenkalatalousalue.fi\/vatia\/wp-json\/wp\/v2\/pages\/2\/revisions"}],"predecessor-version":[{"id":390,"href":"https:\/\/leppavedenhankasalmenkalatalousalue.fi\/vatia\/wp-json\/wp\/v2\/pages\/2\/revisions\/390"}],"wp:attachment":[{"href":"https:\/\/leppavedenhankasalmenkalatalousalue.fi\/vatia\/wp-json\/wp\/v2\/media?parent=2"}],"curies":[{"name":"wp","href":"https:\/\/api.w.org\/{rel}","templated":true}]}}