{"id":49,"date":"2020-10-29T09:51:51","date_gmt":"2020-10-29T09:51:51","guid":{"rendered":"http:\/\/89.166.51.80\/~leppaveden\/hameenmaen-osakaskunta\/?page_id=49"},"modified":"2024-04-08T17:15:08","modified_gmt":"2024-04-08T17:15:08","slug":"paatokset","status":"publish","type":"page","link":"https:\/\/leppavedenhankasalmenkalatalousalue.fi\/vatia\/paatokset\/","title":{"rendered":"Rajoitukset"},"content":{"rendered":"\n<h2 class=\"wp-block-heading\">Rajoitukset<\/h2>\n\n\n\n<p>Lepp\u00e4veden kalastusalueen onginta-, pilkint\u00e4- ja viehekalastuskieltoalue:<br>Kapeen-Luijankoskella kieltoalue alkaa Kuhnamon Loukeenvirran yl\u00e4puolelta, ulottuen Vatianj\u00e4rvell\u00e4 M\u00f6rk\u00f6saaren etel\u00e4k\u00e4rkeen. Alue sis\u00e4lt\u00e4\u00e4 my\u00f6s it\u00e4isen Pikku-P\u00f6rrin haaran (rajoitukset on merkitty maastoon). Pyydysrajoituksissa noudatetaan Lepp\u00e4veden kalastusalueen ohjeita.<\/p>\n","protected":false},"excerpt":{"rendered":"<p>Rajoitukset Lepp\u00e4veden kalastusalueen onginta-, pilkint\u00e4- ja viehekalastuskieltoalue:Kapeen-Luijankoskella kieltoalue alkaa Kuhnamon Loukeenvirran yl\u00e4puolelta, ulottuen Vatianj\u00e4rvell\u00e4 M\u00f6rk\u00f6saaren etel\u00e4k\u00e4rkeen. Alue sis\u00e4lt\u00e4\u00e4 my\u00f6s it\u00e4isen Pikku-P\u00f6rrin haaran (rajoitukset on merkitty maastoon). Pyydysrajoituksissa noudatetaan Lepp\u00e4veden kalastusalueen ohjeita.<\/p>\n","protected":false},"author":51,"featured_media":0,"parent":0,"menu_order":0,"comment_status":"closed","ping_status":"closed","template":"basic-sivu.php","meta":{"_acf_changed":false,"footnotes":""},"class_list":["post-49","page","type-page","status-publish","hentry"],"acf":[],"yoast_head":"<!-- This site is optimized with the Yoast SEO plugin v27.1.1 - https:\/\/yoast.com\/product\/yoast-seo-wordpress\/ -->\n<title>Rajoitukset - Vatian osakaskunta<\/title>\n<meta name=\"robots\" content=\"index, follow, max-snippet:-1, max-image-preview:large, max-video-preview:-1\" \/>\n<link rel=\"canonical\" href=\"https:\/\/leppavedenhankasalmenkalatalousalue.fi\/vatia\/paatokset\/\" \/>\n<meta property=\"og:locale\" content=\"fi_FI\" \/>\n<meta property=\"og:type\" content=\"article\" \/>\n<meta property=\"og:title\" content=\"Rajoitukset - Vatian osakaskunta\" \/>\n<meta property=\"og:description\" content=\"Rajoitukset Lepp\u00e4veden kalastusalueen onginta-, pilkint\u00e4- ja viehekalastuskieltoalue:Kapeen-Luijankoskella kieltoalue alkaa Kuhnamon Loukeenvirran yl\u00e4puolelta, ulottuen Vatianj\u00e4rvell\u00e4 M\u00f6rk\u00f6saaren etel\u00e4k\u00e4rkeen. Alue sis\u00e4lt\u00e4\u00e4 my\u00f6s it\u00e4isen Pikku-P\u00f6rrin haaran (rajoitukset on merkitty maastoon). Pyydysrajoituksissa noudatetaan Lepp\u00e4veden kalastusalueen ohjeita.\" \/>\n<meta property=\"og:url\" content=\"https:\/\/leppavedenhankasalmenkalatalousalue.fi\/vatia\/paatokset\/\" \/>\n<meta property=\"og:site_name\" content=\"Vatian osakaskunta\" \/>\n<meta property=\"article:modified_time\" content=\"2024-04-08T17:15:08+00:00\" \/>\n<meta name=\"twitter:card\" content=\"summary_large_image\" \/>\n<meta name=\"twitter:label1\" content=\"Arvioitu lukuaika\" \/>\n\t<meta name=\"twitter:data1\" content=\"1 minuutti\" \/>\n<script type=\"application\/ld+json\" class=\"yoast-schema-graph\">{\"@context\":\"https:\/\/schema.org\",\"@graph\":[{\"@type\":\"WebPage\",\"@id\":\"https:\/\/leppavedenhankasalmenkalatalousalue.fi\/vatia\/paatokset\/\",\"url\":\"https:\/\/leppavedenhankasalmenkalatalousalue.fi\/vatia\/paatokset\/\",\"name\":\"Rajoitukset - Vatian osakaskunta\",\"isPartOf\":{\"@id\":\"https:\/\/leppavedenhankasalmenkalatalousalue.fi\/vatia\/#website\"},\"datePublished\":\"2020-10-29T09:51:51+00:00\",\"dateModified\":\"2024-04-08T17:15:08+00:00\",\"breadcrumb\":{\"@id\":\"https:\/\/leppavedenhankasalmenkalatalousalue.fi\/vatia\/paatokset\/#breadcrumb\"},\"inLanguage\":\"fi\",\"potentialAction\":[{\"@type\":\"ReadAction\",\"target\":[\"https:\/\/leppavedenhankasalmenkalatalousalue.fi\/vatia\/paatokset\/\"]}]},{\"@type\":\"BreadcrumbList\",\"@id\":\"https:\/\/leppavedenhankasalmenkalatalousalue.fi\/vatia\/paatokset\/#breadcrumb\",\"itemListElement\":[{\"@type\":\"ListItem\",\"position\":1,\"name\":\"Home\",\"item\":\"https:\/\/leppavedenhankasalmenkalatalousalue.fi\/vatia\/\"},{\"@type\":\"ListItem\",\"position\":2,\"name\":\"Rajoitukset\"}]},{\"@type\":\"WebSite\",\"@id\":\"https:\/\/leppavedenhankasalmenkalatalousalue.fi\/vatia\/#website\",\"url\":\"https:\/\/leppavedenhankasalmenkalatalousalue.fi\/vatia\/\",\"name\":\"Vatian osakaskunta\",\"description\":\"\",\"potentialAction\":[{\"@type\":\"SearchAction\",\"target\":{\"@type\":\"EntryPoint\",\"urlTemplate\":\"https:\/\/leppavedenhankasalmenkalatalousalue.fi\/vatia\/?s={search_term_string}\"},\"query-input\":{\"@type\":\"PropertyValueSpecification\",\"valueRequired\":true,\"valueName\":\"search_term_string\"}}],\"inLanguage\":\"fi\"}]}<\/script>\n<!-- \/ Yoast SEO plugin. -->","yoast_head_json":{"title":"Rajoitukset - Vatian osakaskunta","robots":{"index":"index","follow":"follow","max-snippet":"max-snippet:-1","max-image-preview":"max-image-preview:large","max-video-preview":"max-video-preview:-1"},"canonical":"https:\/\/leppavedenhankasalmenkalatalousalue.fi\/vatia\/paatokset\/","og_locale":"fi_FI","og_type":"article","og_title":"Rajoitukset - Vatian osakaskunta","og_description":"Rajoitukset Lepp\u00e4veden kalastusalueen onginta-, pilkint\u00e4- ja viehekalastuskieltoalue:Kapeen-Luijankoskella kieltoalue alkaa Kuhnamon Loukeenvirran yl\u00e4puolelta, ulottuen Vatianj\u00e4rvell\u00e4 M\u00f6rk\u00f6saaren etel\u00e4k\u00e4rkeen. Alue sis\u00e4lt\u00e4\u00e4 my\u00f6s it\u00e4isen Pikku-P\u00f6rrin haaran (rajoitukset on merkitty maastoon). Pyydysrajoituksissa noudatetaan Lepp\u00e4veden kalastusalueen ohjeita.","og_url":"https:\/\/leppavedenhankasalmenkalatalousalue.fi\/vatia\/paatokset\/","og_site_name":"Vatian osakaskunta","article_modified_time":"2024-04-08T17:15:08+00:00","twitter_card":"summary_large_image","twitter_misc":{"Arvioitu lukuaika":"1 minuutti"},"schema":{"@context":"https:\/\/schema.org","@graph":[{"@type":"WebPage","@id":"https:\/\/leppavedenhankasalmenkalatalousalue.fi\/vatia\/paatokset\/","url":"https:\/\/leppavedenhankasalmenkalatalousalue.fi\/vatia\/paatokset\/","name":"Rajoitukset - Vatian osakaskunta","isPartOf":{"@id":"https:\/\/leppavedenhankasalmenkalatalousalue.fi\/vatia\/#website"},"datePublished":"2020-10-29T09:51:51+00:00","dateModified":"2024-04-08T17:15:08+00:00","breadcrumb":{"@id":"https:\/\/leppavedenhankasalmenkalatalousalue.fi\/vatia\/paatokset\/#breadcrumb"},"inLanguage":"fi","potentialAction":[{"@type":"ReadAction","target":["https:\/\/leppavedenhankasalmenkalatalousalue.fi\/vatia\/paatokset\/"]}]},{"@type":"BreadcrumbList","@id":"https:\/\/leppavedenhankasalmenkalatalousalue.fi\/vatia\/paatokset\/#breadcrumb","itemListElement":[{"@type":"ListItem","position":1,"name":"Home","item":"https:\/\/leppavedenhankasalmenkalatalousalue.fi\/vatia\/"},{"@type":"ListItem","position":2,"name":"Rajoitukset"}]},{"@type":"WebSite","@id":"https:\/\/leppavedenhankasalmenkalatalousalue.fi\/vatia\/#website","url":"https:\/\/leppavedenhankasalmenkalatalousalue.fi\/vatia\/","name":"Vatian osakaskunta","description":"","potentialAction":[{"@type":"SearchAction","target":{"@type":"EntryPoint","urlTemplate":"https:\/\/leppavedenhankasalmenkalatalousalue.fi\/vatia\/?s={search_term_string}"},"query-input":{"@type":"PropertyValueSpecification","valueRequired":true,"valueName":"search_term_string"}}],"inLanguage":"fi"}]}},"_links":{"self":[{"href":"https:\/\/leppavedenhankasalmenkalatalousalue.fi\/vatia\/wp-json\/wp\/v2\/pages\/49","targetHints":{"allow":["GET"]}}],"collection":[{"href":"https:\/\/leppavedenhankasalmenkalatalousalue.fi\/vatia\/wp-json\/wp\/v2\/pages"}],"about":[{"href":"https:\/\/leppavedenhankasalmenkalatalousalue.fi\/vatia\/wp-json\/wp\/v2\/types\/page"}],"author":[{"embeddable":true,"href":"https:\/\/leppavedenhankasalmenkalatalousalue.fi\/vatia\/wp-json\/wp\/v2\/users\/51"}],"replies":[{"embeddable":true,"href":"https:\/\/leppavedenhankasalmenkalatalousalue.fi\/vatia\/wp-json\/wp\/v2\/comments?post=49"}],"version-history":[{"count":7,"href":"https:\/\/leppavedenhankasalmenkalatalousalue.fi\/vatia\/wp-json\/wp\/v2\/pages\/49\/revisions"}],"predecessor-version":[{"id":387,"href":"https:\/\/leppavedenhankasalmenkalatalousalue.fi\/vatia\/wp-json\/wp\/v2\/pages\/49\/revisions\/387"}],"wp:attachment":[{"href":"https:\/\/leppavedenhankasalmenkalatalousalue.fi\/vatia\/wp-json\/wp\/v2\/media?parent=49"}],"curies":[{"name":"wp","href":"https:\/\/api.w.org\/{rel}","templated":true}]}}